Last updated on 2023-02-05 19:51:08 CET.
Flavor | Version | Tinstall | Tcheck | Ttotal | Status | Flags |
---|---|---|---|---|---|---|
r-devel-linux-x86_64-debian-clang | 0.1.1 | 3.68 | 787.24 | 790.92 | NOTE | |
r-devel-linux-x86_64-debian-gcc | 0.1.1 | 3.16 | 527.88 | 531.04 | NOTE | |
r-devel-linux-x86_64-fedora-clang | 0.1.1 | 817.24 | NOTE | |||
r-devel-linux-x86_64-fedora-gcc | 0.1.1 | 939.68 | NOTE | |||
r-devel-windows-x86_64 | 0.1.1 | 32.00 | 47.00 | 79.00 | NOTE | --no-examples --no-tests --no-vignettes |
r-patched-linux-x86_64 | 0.1.1 | 3.16 | 730.78 | 733.94 | NOTE | |
r-release-linux-x86_64 | 0.1.1 | 3.57 | 747.88 | 751.45 | NOTE | |
r-release-macos-arm64 | 0.1.1 | 136.00 | NOTE | |||
r-release-macos-x86_64 | 0.1.1 | 229.00 | NOTE | |||
r-release-windows-x86_64 | 0.1.1 | 55.00 | 44.00 | 99.00 | NOTE | --no-examples --no-tests --no-vignettes |
r-oldrel-macos-arm64 | 0.1.1 | 179.00 | NOTE | |||
r-oldrel-macos-x86_64 | 0.1.1 | 418.00 | NOTE | |||
r-oldrel-windows-ix86+x86_64 | 0.1.1 | 8.00 | 52.00 | 60.00 | NOTE | --no-examples --no-tests --no-vignettes |
Version: 0.1.1
Check: LazyData
Result: NOTE
'LazyData' is specified without a 'data' directory
Flavors: r-devel-linux-x86_64-debian-clang, r-devel-linux-x86_64-debian-gcc, r-devel-linux-x86_64-fedora-clang, r-devel-linux-x86_64-fedora-gcc, r-patched-linux-x86_64, r-release-linux-x86_64, r-release-macos-arm64, r-release-macos-x86_64, r-oldrel-macos-arm64, r-oldrel-macos-x86_64
Version: 0.1.1
Flags: --no-examples --no-tests --no-vignettes
Check: LazyData
Result: NOTE
'LazyData' is specified without a 'data' directory
Flavors: r-devel-windows-x86_64, r-release-windows-x86_64, r-oldrel-windows-ix86+x86_64