Last updated on 2023-01-30 19:54:41 CET.
Flavor | Version | Tinstall | Tcheck | Ttotal | Status | Flags |
---|---|---|---|---|---|---|
r-devel-linux-x86_64-debian-clang | 0.2.2 | 9.01 | 119.64 | 128.65 | OK | |
r-devel-linux-x86_64-debian-gcc | 0.2.2 | 6.80 | 88.61 | 95.41 | OK | |
r-devel-linux-x86_64-fedora-clang | 0.2.2 | 266.20 | NOTE | |||
r-devel-linux-x86_64-fedora-gcc | 0.2.2 | 256.85 | NOTE | |||
r-devel-windows-x86_64 | 0.2.2 | 31.00 | 153.00 | 184.00 | OK | |
r-patched-linux-x86_64 | 0.2.2 | 8.72 | 118.03 | 126.75 | OK | |
r-release-linux-x86_64 | 0.2.2 | 6.98 | 117.94 | 124.92 | OK | |
r-release-macos-arm64 | 0.2.2 | 46.00 | NOTE | |||
r-release-macos-x86_64 | 0.2.2 | 93.00 | NOTE | |||
r-release-windows-x86_64 | 0.2.2 | 37.00 | 150.00 | 187.00 | OK | |
r-oldrel-macos-arm64 | 0.2.2 | 56.00 | NOTE | |||
r-oldrel-macos-x86_64 | 0.2.2 | 87.00 | NOTE | |||
r-oldrel-windows-ix86+x86_64 | 0.2.2 | 23.00 | 158.00 | 181.00 | OK |
Version: 0.2.2
Check: data for non-ASCII characters
Result: NOTE
Note: found 14729 marked UTF-8 strings
Flavors: r-devel-linux-x86_64-fedora-clang, r-devel-linux-x86_64-fedora-gcc, r-release-macos-arm64, r-release-macos-x86_64, r-oldrel-macos-arm64, r-oldrel-macos-x86_64