Last updated on 2023-12-07 19:58:24 CET.
Flavor | Version | Tinstall | Tcheck | Ttotal | Status | Flags |
---|---|---|---|---|---|---|
r-devel-linux-x86_64-debian-clang | 0.2.3 | 9.30 | 131.34 | 140.64 | OK | |
r-devel-linux-x86_64-debian-gcc | 0.2.3 | 7.78 | 98.10 | 105.88 | OK | |
r-devel-linux-x86_64-fedora-clang | 0.2.3 | 176.01 | NOTE | |||
r-devel-linux-x86_64-fedora-gcc | 0.2.3 | 172.77 | NOTE | |||
r-devel-windows-x86_64 | 0.2.3 | 9.00 | 106.00 | 115.00 | OK | |
r-patched-linux-x86_64 | 0.2.3 | 8.95 | 129.10 | 138.05 | OK | |
r-release-linux-x86_64 | 0.2.3 | 8.29 | 126.93 | 135.22 | OK | |
r-release-macos-arm64 | 0.2.3 | 47.00 | OK | |||
r-release-macos-x86_64 | 0.2.3 | 129.00 | OK | |||
r-release-windows-x86_64 | 0.2.3 | 13.00 | 133.00 | 146.00 | OK | |
r-oldrel-macos-arm64 | 0.2.3 | 51.00 | OK | |||
r-oldrel-macos-x86_64 | 0.2.3 | 73.00 | OK | |||
r-oldrel-windows-x86_64 | 0.2.3 | 12.00 | 142.00 | 154.00 | OK |
Version: 0.2.3
Check: data for non-ASCII characters
Result: NOTE
Note: found 14729 marked UTF-8 strings
Flavors: r-devel-linux-x86_64-fedora-clang, r-devel-linux-x86_64-fedora-gcc