CRAN Package Check Results for Package cocor

Last updated on 2021-12-06 19:50:34 CET.

Flavor Version Tinstall Tcheck Ttotal Status Flags
r-devel-linux-x86_64-debian-clang 1.1-3 4.93 44.02 48.95 NOTE
r-devel-linux-x86_64-debian-gcc 1.1-3 3.87 34.70 38.57 NOTE
r-devel-linux-x86_64-fedora-clang 1.1-3 61.07 NOTE
r-devel-linux-x86_64-fedora-gcc 1.1-3 50.98 NOTE
r-devel-windows-x86_64-new-UL 1.1-3 13.00 74.00 87.00 NOTE
r-devel-windows-x86_64-new-TK 1.1-3 NOTE
r-devel-windows-x86_64-old 1.1-3 10.00 38.00 48.00 NOTE
r-patched-linux-x86_64 1.1-3 4.58 34.61 39.19 NOTE
r-release-linux-x86_64 1.1-3 4.10 42.14 46.24 NOTE
r-release-macos-arm64 1.1-3 NOTE
r-release-macos-x86_64 1.1-3 NOTE
r-release-windows-ix86+x86_64 1.1-3 13.00 51.00 64.00 NOTE
r-oldrel-macos-x86_64 1.1-3 NOTE
r-oldrel-windows-ix86+x86_64 1.1-3 11.00 51.00 62.00 NOTE

Check Details

Version: 1.1-3
Check: package dependencies
Result: NOTE
    Package which this enhances but not available for checking: 'rkward'
Flavors: r-devel-linux-x86_64-debian-clang, r-devel-linux-x86_64-debian-gcc, r-devel-linux-x86_64-fedora-clang, r-devel-linux-x86_64-fedora-gcc, r-devel-windows-x86_64-new-UL, r-devel-windows-x86_64-new-TK, r-devel-windows-x86_64-old, r-patched-linux-x86_64, r-release-linux-x86_64, r-release-macos-arm64, r-release-macos-x86_64, r-release-windows-ix86+x86_64, r-oldrel-macos-x86_64, r-oldrel-windows-ix86+x86_64