CRAN Package Check Results for Package coinmarketcapr

Last updated on 2021-04-20 21:51:33 CEST.

Flavor Version Tinstall Tcheck Ttotal Status Flags
r-devel-linux-x86_64-debian-clang 0.3.2 5.64 54.07 59.71 NOTE
r-devel-linux-x86_64-debian-gcc 0.3.2 4.53 40.24 44.77 NOTE
r-devel-linux-x86_64-fedora-clang 0.3.2 78.41 NOTE
r-devel-linux-x86_64-fedora-gcc 0.3.2 68.90 NOTE
r-devel-windows-ix86+x86_64 0.3.2 11.00 55.00 66.00 NOTE
r-devel-windows-x86_64-gcc10-UCRT 0.3.2 NOTE
r-patched-linux-x86_64 0.3.2 5.97 49.37 55.34 OK
r-patched-solaris-x86 0.3.2 103.10 OK
r-release-linux-x86_64 0.3.2 5.42 49.39 54.81 OK
r-release-macos-x86_64 0.3.2 OK
r-release-windows-ix86+x86_64 0.3.2 14.00 75.00 89.00 OK
r-oldrel-macos-x86_64 0.3.2 OK
r-oldrel-windows-ix86+x86_64 0.3.2 42.00 68.00 110.00 OK

Check Details

Version: 0.3.2
Check: LazyData
Result: NOTE
     'LazyData' is specified without a 'data' directory
Flavors: r-devel-linux-x86_64-debian-clang, r-devel-linux-x86_64-debian-gcc, r-devel-linux-x86_64-fedora-clang, r-devel-linux-x86_64-fedora-gcc, r-devel-windows-ix86+x86_64, r-devel-windows-x86_64-gcc10-UCRT