CRAN Package Check Results for Package cold

Last updated on 2021-11-28 19:48:47 CET.

Flavor Version Tinstall Tcheck Ttotal Status Flags
r-devel-linux-x86_64-debian-clang 2.0-3 OK
r-devel-linux-x86_64-debian-gcc 2.0-3 9.31 58.14 67.45 OK
r-devel-linux-x86_64-fedora-clang 2.0-3 122.19 OK
r-devel-linux-x86_64-fedora-gcc 2.0-3 110.92 OK
r-devel-windows-x86_64-new-UL 2.0-3 47.00 122.00 169.00 OK
r-devel-windows-x86_64-new-TK 2.0-3 OK
r-devel-windows-x86_64-old 2.0-3 25.00 115.00 140.00 OK
r-patched-linux-x86_64 2.0-3 11.83 76.60 88.43 OK
r-patched-solaris-x86 2.0-3 158.00 OK
r-release-linux-x86_64 2.0-3 12.21 77.02 89.23 OK
r-release-macos-arm64 2.0-3 OK
r-release-macos-x86_64 2.0-3 WARN
r-release-windows-ix86+x86_64 2.0-3 44.00 122.00 166.00 OK
r-oldrel-macos-x86_64 2.0-3 WARN
r-oldrel-windows-ix86+x86_64 2.0-3 36.00 155.00 191.00 OK

Check Details

Version: 2.0-3
Check: whether package can be installed
Result: WARN
    Found the following significant warnings:
     Warning: control reaches end of non-void function [-Wreturn-type]
Flavors: r-release-macos-x86_64, r-oldrel-macos-x86_64