CRAN Package Check Results for Package collapse

Last updated on 2021-12-08 19:51:26 CET.

Flavor Version Tinstall Tcheck Ttotal Status Flags
r-devel-linux-x86_64-debian-clang 1.6.5 264.98 209.04 474.02 OK
r-devel-linux-x86_64-debian-gcc 1.6.5 209.37 155.00 364.37 OK
r-devel-linux-x86_64-fedora-clang 1.6.5 678.83 NOTE
r-devel-linux-x86_64-fedora-gcc 1.6.5 638.87 OK
r-devel-windows-x86_64-new-UL 1.6.5 337.00 297.00 634.00 OK
r-devel-windows-x86_64-new-TK 1.6.5 OK
r-devel-windows-x86_64-old 1.6.5 340.00 257.00 597.00 OK
r-patched-linux-x86_64 1.6.5 244.07 199.02 443.09 OK
r-release-linux-x86_64 1.6.5 237.35 199.36 436.71 OK
r-release-macos-arm64 1.6.5 NOTE
r-release-macos-x86_64 1.6.5 NOTE
r-release-windows-ix86+x86_64 1.6.5 469.00 314.00 783.00 NOTE
r-oldrel-macos-x86_64 1.6.5 WARN
r-oldrel-windows-ix86+x86_64 1.6.5 532.00 330.00 862.00 WARN

Additional issues

rchk

Check Details

Version: 1.6.5
Check: installed package size
Result: NOTE
     installed size is 17.4Mb
     sub-directories of 1Mb or more:
     libs 15.3Mb
Flavors: r-devel-linux-x86_64-fedora-clang, r-release-macos-arm64, r-release-macos-x86_64, r-release-windows-ix86+x86_64, r-oldrel-macos-x86_64, r-oldrel-windows-ix86+x86_64

Version: 1.6.5
Check: for unstated dependencies in examples
Result: WARN
    Warning: parse error in file 'lines':
    8: unexpected '>'
    55: giris <- group_by(iris, Species)
    56: giris |>
     ^
Flavor: r-oldrel-macos-x86_64

Version: 1.6.5
Check: for unstated dependencies in examples
Result: WARN
    Warning: parse error in file 'lines':
    8: unexpected '>'
    56: giris <- group_by(iris, Species)
    57: giris |>
     ^
Flavor: r-oldrel-windows-ix86+x86_64