CRAN Package Check Results for Package collections

Last updated on 2021-12-01 19:51:32 CET.

Flavor Version Tinstall Tcheck Ttotal Status Flags
r-devel-linux-x86_64-debian-clang 0.3.5 5.90 23.89 29.79 NOTE
r-devel-linux-x86_64-debian-gcc 0.3.5 4.39 19.10 23.49 NOTE
r-devel-linux-x86_64-fedora-clang 0.3.5 48.43 NOTE
r-devel-linux-x86_64-fedora-gcc 0.3.5 37.13 NOTE
r-devel-windows-x86_64-new-UL 0.3.5 18.00 62.00 80.00 NOTE
r-devel-windows-x86_64-new-TK 0.3.5 NOTE
r-devel-windows-x86_64-old 0.3.5 12.00 33.00 45.00 NOTE
r-patched-linux-x86_64 0.3.5 5.06 23.10 28.16 NOTE
r-patched-solaris-x86 0.3.5 54.90 NOTE
r-release-linux-x86_64 0.3.5 5.89 23.33 29.22 NOTE
r-release-macos-arm64 0.3.5 NOTE
r-release-macos-x86_64 0.3.5 NOTE
r-release-windows-ix86+x86_64 0.3.5 22.00 41.00 63.00 NOTE
r-oldrel-macos-x86_64 0.3.5 OK
r-oldrel-windows-ix86+x86_64 0.3.5 16.00 45.00 61.00 OK

Check Details

Version: 0.3.5
Check: LazyData
Result: NOTE
     'LazyData' is specified without a 'data' directory
Flavors: r-devel-linux-x86_64-debian-clang, r-devel-linux-x86_64-debian-gcc, r-devel-linux-x86_64-fedora-clang, r-devel-linux-x86_64-fedora-gcc, r-devel-windows-x86_64-new-UL, r-devel-windows-x86_64-new-TK, r-devel-windows-x86_64-old, r-patched-linux-x86_64, r-patched-solaris-x86, r-release-linux-x86_64, r-release-macos-arm64, r-release-macos-x86_64, r-release-windows-ix86+x86_64