CRAN Package Check Results for Package collidr

Last updated on 2023-02-07 19:58:04 CET.

Flavor Version Tinstall Tcheck Ttotal Status Flags
r-devel-linux-x86_64-debian-clang 0.1.3 8.46 55.85 64.31 OK
r-devel-linux-x86_64-debian-gcc 0.1.3 6.99 41.32 48.31 OK
r-devel-linux-x86_64-fedora-clang 0.1.3 85.04 NOTE
r-devel-linux-x86_64-fedora-gcc 0.1.3 76.13 NOTE
r-devel-windows-x86_64 0.1.3 22.00 80.00 102.00 OK
r-patched-linux-x86_64 0.1.3 8.22 54.70 62.92 OK
r-release-linux-x86_64 0.1.3 7.20 52.84 60.04 OK
r-release-macos-arm64 0.1.3 29.00 NOTE
r-release-macos-x86_64 0.1.3 61.00 NOTE
r-release-windows-x86_64 0.1.3 17.00 96.00 113.00 OK
r-oldrel-macos-arm64 0.1.3 35.00 NOTE
r-oldrel-macos-x86_64 0.1.3 58.00 NOTE
r-oldrel-windows-ix86+x86_64 0.1.3 16.00 79.00 95.00 OK

Check Details

Version: 0.1.3
Check: data for non-ASCII characters
Result: NOTE
     Note: found 4186 marked UTF-8 strings
Flavors: r-devel-linux-x86_64-fedora-clang, r-devel-linux-x86_64-fedora-gcc, r-release-macos-arm64, r-release-macos-x86_64, r-oldrel-macos-arm64, r-oldrel-macos-x86_64