Last updated on 2022-05-26 21:50:02 CEST.
Flavor | Version | Tinstall | Tcheck | Ttotal | Status | Flags |
---|---|---|---|---|---|---|
r-devel-linux-x86_64-debian-clang | 1.1.2 | 5.43 | 129.71 | 135.14 | NOTE | |
r-devel-linux-x86_64-debian-gcc | 1.1.2 | 3.45 | 105.94 | 109.39 | NOTE | |
r-devel-linux-x86_64-fedora-clang | 1.1.2 | 161.22 | NOTE | |||
r-devel-linux-x86_64-fedora-gcc | 1.1.2 | 161.39 | NOTE | |||
r-devel-windows-x86_64 | 1.1.2 | 66.00 | 185.00 | 251.00 | NOTE | |
r-patched-linux-x86_64 | 1.1.2 | 4.05 | 126.84 | 130.89 | NOTE | |
r-release-linux-x86_64 | 1.1.2 | 2.81 | 126.88 | 129.69 | NOTE | |
r-release-macos-arm64 | 1.1.2 | 59.00 | NOTE | |||
r-release-macos-x86_64 | 1.1.2 | 92.00 | NOTE | |||
r-release-windows-x86_64 | 1.1.2 | 67.00 | 188.00 | 255.00 | NOTE | |
r-oldrel-macos-arm64 | 1.1.2 | 65.00 | NOTE | |||
r-oldrel-macos-x86_64 | 1.1.2 | 103.00 | NOTE | |||
r-oldrel-windows-ix86+x86_64 | 1.1.2 | 10.00 | 172.00 | 182.00 | NOTE |
Version: 1.1.2
Check: LazyData
Result: NOTE
'LazyData' is specified without a 'data' directory
Flavors: r-devel-linux-x86_64-debian-clang, r-devel-linux-x86_64-debian-gcc, r-devel-linux-x86_64-fedora-clang, r-devel-linux-x86_64-fedora-gcc, r-devel-windows-x86_64, r-patched-linux-x86_64, r-release-linux-x86_64, r-release-macos-arm64, r-release-macos-x86_64, r-release-windows-x86_64, r-oldrel-macos-arm64, r-oldrel-macos-x86_64, r-oldrel-windows-ix86+x86_64
Version: 1.1.2
Check: dependencies in R code
Result: NOTE
Namespaces in Imports field not imported from:
‘magrittr’ ‘qpdf’
All declared Imports should be used.
Flavors: r-devel-linux-x86_64-fedora-clang, r-devel-linux-x86_64-fedora-gcc, r-release-macos-arm64, r-release-macos-x86_64, r-oldrel-macos-arm64, r-oldrel-macos-x86_64