CRAN Package Check Results for Package colorr

Last updated on 2023-09-26 23:04:09 CEST.

Flavor Version Tinstall Tcheck Ttotal Status Flags
r-devel-linux-x86_64-debian-clang 1.0.0 2.02 21.26 23.28 NOTE
r-devel-linux-x86_64-debian-gcc 1.0.0 1.69 16.39 18.08 NOTE
r-devel-linux-x86_64-fedora-clang 1.0.0 28.40 NOTE
r-devel-linux-x86_64-fedora-gcc 1.0.0 28.30 NOTE
r-devel-windows-x86_64 1.0.0 2.00 37.00 39.00 NOTE
r-patched-linux-x86_64 1.0.0 1.71 20.40 22.11 NOTE
r-release-linux-x86_64 1.0.0 1.79 20.56 22.35 NOTE
r-release-macos-arm64 1.0.0 14.00 NOTE
r-release-macos-x86_64 1.0.0 20.00 NOTE
r-release-windows-x86_64 1.0.0 3.00 40.00 43.00 NOTE
r-oldrel-macos-arm64 1.0.0 12.00 NOTE
r-oldrel-macos-x86_64 1.0.0 19.00 NOTE
r-oldrel-windows-x86_64 1.0.0 5.00 40.00 45.00 NOTE

Check Details

Version: 1.0.0
Check: LazyData
Result: NOTE
     'LazyData' is specified without a 'data' directory
Flavors: r-devel-linux-x86_64-debian-clang, r-devel-linux-x86_64-debian-gcc, r-devel-linux-x86_64-fedora-clang, r-devel-linux-x86_64-fedora-gcc, r-devel-windows-x86_64, r-patched-linux-x86_64, r-release-linux-x86_64, r-release-macos-arm64, r-release-macos-x86_64, r-release-windows-x86_64, r-oldrel-macos-arm64, r-oldrel-macos-x86_64, r-oldrel-windows-x86_64