CRAN Package Check Results for Package colorr

Last updated on 2024-03-02 19:50:14 CET.

Flavor Version Tinstall Tcheck Ttotal Status Flags
r-devel-linux-x86_64-debian-clang 1.0.0 1.42 21.14 22.56 NOTE
r-devel-linux-x86_64-debian-gcc 1.0.0 1.57 16.31 17.88 NOTE
r-devel-linux-x86_64-fedora-clang 1.0.0 28.84 NOTE
r-devel-linux-x86_64-fedora-gcc 1.0.0 27.15 NOTE
r-devel-windows-x86_64 1.0.0 2.00 36.00 38.00 NOTE
r-patched-linux-x86_64 1.0.0 2.23 20.86 23.09 NOTE
r-release-linux-x86_64 1.0.0 2.28 20.65 22.93 NOTE
r-release-macos-arm64 1.0.0 14.00 NOTE
r-release-macos-x86_64 1.0.0 20.00 NOTE
r-release-windows-x86_64 1.0.0 2.00 36.00 38.00 NOTE
r-oldrel-macos-arm64 1.0.0 12.00 NOTE
r-oldrel-windows-x86_64 1.0.0 5.00 40.00 45.00 NOTE

Check Details

Version: 1.0.0
Check: LazyData
Result: NOTE 'LazyData' is specified without a 'data' directory Flavors: r-devel-linux-x86_64-debian-clang, r-devel-linux-x86_64-debian-gcc, r-devel-linux-x86_64-fedora-clang, r-devel-linux-x86_64-fedora-gcc, r-devel-windows-x86_64, r-patched-linux-x86_64, r-release-linux-x86_64, r-release-macos-arm64, r-release-macos-x86_64, r-release-windows-x86_64, r-oldrel-macos-arm64, r-oldrel-windows-x86_64