CRAN Package Check Results for Package colorr

Last updated on 2022-09-25 21:54:47 CEST.

Flavor Version Tinstall Tcheck Ttotal Status Flags
r-devel-linux-x86_64-debian-clang 1.0.0 2.04 21.33 23.37 NOTE
r-devel-linux-x86_64-debian-gcc 1.0.0 1.72 16.86 18.58 NOTE
r-devel-linux-x86_64-fedora-clang 1.0.0 39.92 NOTE
r-devel-linux-x86_64-fedora-gcc 1.0.0 40.15 NOTE
r-devel-windows-x86_64 1.0.0 11.00 44.00 55.00 NOTE
r-patched-linux-x86_64 1.0.0 2.15 20.93 23.08 NOTE
r-release-linux-x86_64 1.0.0 1.90 21.03 22.93 NOTE
r-release-macos-arm64 1.0.0 13.00 NOTE
r-release-macos-x86_64 1.0.0 19.00 NOTE
r-release-windows-x86_64 1.0.0 5.00 40.00 45.00 NOTE
r-oldrel-macos-arm64 1.0.0 19.00 NOTE
r-oldrel-macos-x86_64 1.0.0 25.00 NOTE
r-oldrel-windows-ix86+x86_64 1.0.0 4.00 24.00 28.00 NOTE

Check Details

Version: 1.0.0
Check: LazyData
Result: NOTE
     'LazyData' is specified without a 'data' directory
Flavors: r-devel-linux-x86_64-debian-clang, r-devel-linux-x86_64-debian-gcc, r-devel-linux-x86_64-fedora-clang, r-devel-linux-x86_64-fedora-gcc, r-devel-windows-x86_64, r-patched-linux-x86_64, r-release-linux-x86_64, r-release-macos-arm64, r-release-macos-x86_64, r-release-windows-x86_64, r-oldrel-macos-arm64, r-oldrel-macos-x86_64, r-oldrel-windows-ix86+x86_64