CRAN Package Check Results for Package combinationpvalues

Last updated on 2022-05-27 21:51:18 CEST.

Flavor Version Tinstall Tcheck Ttotal Status Flags
r-devel-linux-x86_64-debian-clang 0.1.4 1.70 31.09 32.79 OK
r-devel-linux-x86_64-debian-gcc 0.1.4 1.67 24.04 25.71 OK
r-devel-linux-x86_64-fedora-clang 0.1.4 40.21 NOTE
r-devel-linux-x86_64-fedora-gcc 0.1.4 39.53 NOTE
r-devel-windows-x86_64 0.1.4 39.00 53.00 92.00 OK
r-patched-linux-x86_64 0.1.4 2.18 29.30 31.48 OK
r-release-linux-x86_64 0.1.4 2.13 29.58 31.71 OK
r-release-macos-arm64 0.1.4 15.00 NOTE
r-release-macos-x86_64 0.1.4 25.00 NOTE
r-release-windows-x86_64 0.1.4 34.00 47.00 81.00 OK
r-oldrel-macos-arm64 0.1.4 22.00 NOTE
r-oldrel-macos-x86_64 0.1.4 20.00 NOTE
r-oldrel-windows-ix86+x86_64 0.1.4 5.00 38.00 43.00 OK

Check Details

Version: 0.1.4
Check: dependencies in R code
Result: NOTE
    Namespaces in Imports field not imported from:
     ‘chi’ ‘dplyr’ ‘spatstat.utils’ ‘utils’
     All declared Imports should be used.
Flavors: r-devel-linux-x86_64-fedora-clang, r-devel-linux-x86_64-fedora-gcc, r-release-macos-arm64, r-release-macos-x86_64, r-oldrel-macos-arm64, r-oldrel-macos-x86_64