CRAN Package Check Results for Package comperank

Last updated on 2024-02-21 19:53:10 CET.

Flavor Version Tinstall Tcheck Ttotal Status Flags
r-devel-linux-x86_64-debian-clang 0.1.1 NOTE
r-devel-linux-x86_64-debian-gcc 0.1.1 18.60 65.26 83.86 NOTE
r-devel-linux-x86_64-fedora-clang 0.1.1 144.13 OK
r-devel-linux-x86_64-fedora-gcc 0.1.1 147.74 OK
r-devel-windows-x86_64 0.1.1 20.00 99.00 119.00 OK
r-patched-linux-x86_64 0.1.1 16.42 82.04 98.46 OK
r-release-linux-x86_64 0.1.1 16.40 82.02 98.42 OK
r-release-macos-arm64 0.1.1 53.00 OK
r-release-macos-x86_64 0.1.1 86.00 OK
r-release-windows-x86_64 0.1.1 27.00 122.00 149.00 OK
r-oldrel-macos-arm64 0.1.1 41.00 OK
r-oldrel-windows-x86_64 0.1.1 26.00 116.00 142.00 OK

Check Details

Version: 0.1.1
Check: Rd files
Result: NOTE checkRd: (-1) keener.Rd:82: Lost braces; missing escapes or markup? 82 | a_{ij} = (S_ij + 1) / (S_ij + S_ji + 2). This step should make comparing | ^ Flavors: r-devel-linux-x86_64-debian-clang, r-devel-linux-x86_64-debian-gcc