CRAN Package Check Results for Package complexNet

Last updated on 2021-11-29 19:51:25 CET.

Flavor Version Tinstall Tcheck Ttotal Status Flags
r-devel-linux-x86_64-debian-clang 0.1.0 2.29 23.53 25.82 OK
r-devel-linux-x86_64-debian-gcc 0.1.0 1.78 18.73 20.51 OK
r-devel-linux-x86_64-fedora-clang 0.1.0 42.71 NOTE
r-devel-linux-x86_64-fedora-gcc 0.1.0 31.53 NOTE
r-devel-windows-x86_64-new-UL 0.1.0 7.00 60.00 67.00 OK
r-devel-windows-x86_64-new-TK 0.1.0 NOTE
r-devel-windows-x86_64-old 0.1.0 4.00 35.00 39.00 OK
r-patched-linux-x86_64 0.1.0 2.02 21.93 23.95 OK
r-patched-solaris-x86 0.1.0 48.10 NOTE
r-release-linux-x86_64 0.1.0 2.00 22.13 24.13 OK
r-release-macos-arm64 0.1.0 NOTE
r-release-macos-x86_64 0.1.0 NOTE
r-release-windows-ix86+x86_64 0.1.0 5.00 41.00 46.00 OK
r-oldrel-macos-x86_64 0.1.0 NOTE
r-oldrel-windows-ix86+x86_64 0.1.0 5.00 34.00 39.00 OK

Check Details

Version: 0.1.0
Check: dependencies in R code
Result: NOTE
    Namespace in Imports field not imported from: ‘methods’
     All declared Imports should be used.
Flavors: r-devel-linux-x86_64-fedora-clang, r-devel-linux-x86_64-fedora-gcc, r-devel-windows-x86_64-new-TK, r-patched-solaris-x86, r-release-macos-arm64, r-release-macos-x86_64, r-oldrel-macos-x86_64