CRAN Package Check Results for Package comprehenr

Last updated on 2022-01-18 19:51:02 CET.

Flavor Version Tinstall Tcheck Ttotal Status Flags
r-devel-linux-x86_64-debian-clang 0.6.10 1.88 32.70 34.58 NOTE
r-devel-linux-x86_64-debian-gcc 0.6.10 1.64 26.69 28.33 NOTE
r-devel-linux-x86_64-fedora-clang 0.6.10 43.13 NOTE
r-devel-linux-x86_64-fedora-gcc 0.6.10 31.85 NOTE
r-devel-windows-x86_64-new-UL 0.6.10 26.00 52.00 78.00 NOTE
r-devel-windows-x86_64-new-TK 0.6.10 NOTE
r-patched-linux-x86_64 0.6.10 2.08 30.98 33.06 NOTE
r-release-linux-x86_64 0.6.10 NOTE
r-release-macos-arm64 0.6.10 NOTE
r-release-macos-x86_64 0.6.10 NOTE
r-release-windows-ix86+x86_64 0.6.10 5.00 40.00 45.00 NOTE
r-oldrel-macos-x86_64 0.6.10 OK
r-oldrel-windows-ix86+x86_64 0.6.10 5.00 40.00 45.00 OK

Check Details

Version: 0.6.10
Check: LazyData
Result: NOTE
     'LazyData' is specified without a 'data' directory
Flavors: r-devel-linux-x86_64-debian-clang, r-devel-linux-x86_64-debian-gcc, r-devel-linux-x86_64-fedora-clang, r-devel-linux-x86_64-fedora-gcc, r-devel-windows-x86_64-new-UL, r-devel-windows-x86_64-new-TK, r-patched-linux-x86_64, r-release-linux-x86_64, r-release-macos-arm64, r-release-macos-x86_64, r-release-windows-ix86+x86_64