CRAN Package Check Results for Package conStruct

Last updated on 2021-05-05 22:51:30 CEST.

Flavor Version Tinstall Tcheck Ttotal Status Flags
r-devel-linux-x86_64-debian-clang 1.0.4 459.51 138.93 598.44 NOTE
r-devel-linux-x86_64-debian-gcc 1.0.4 382.92 119.73 502.65 NOTE
r-devel-linux-x86_64-fedora-clang 1.0.4 824.12 NOTE
r-devel-linux-x86_64-fedora-gcc 1.0.4 883.27 NOTE
r-devel-windows-ix86+x86_64 1.0.4 890.00 284.00 1174.00 NOTE
r-devel-windows-x86_64-gcc10-UCRT 1.0.4 NOTE
r-patched-linux-x86_64 1.0.4 430.30 151.27 581.57 NOTE
r-patched-solaris-x86 1.0.4 791.40 NOTE
r-release-linux-x86_64 1.0.4 386.86 153.06 539.92 NOTE
r-release-macos-x86_64 1.0.4 NOTE
r-release-windows-ix86+x86_64 1.0.4 757.00 228.00 985.00 NOTE
r-oldrel-macos-x86_64 1.0.4 NOTE
r-oldrel-windows-ix86+x86_64 1.0.4 936.00 245.00 1181.00 NOTE

Check Details

Version: 1.0.4
Check: for GNU extensions in Makefiles
Result: NOTE
    GNU make is a SystemRequirements.
Flavors: r-devel-linux-x86_64-debian-clang, r-devel-linux-x86_64-debian-gcc, r-devel-linux-x86_64-fedora-clang, r-devel-linux-x86_64-fedora-gcc, r-devel-windows-ix86+x86_64, r-devel-windows-x86_64-gcc10-UCRT, r-patched-linux-x86_64, r-patched-solaris-x86, r-release-linux-x86_64, r-release-macos-x86_64, r-release-windows-ix86+x86_64, r-oldrel-macos-x86_64, r-oldrel-windows-ix86+x86_64

Version: 1.0.4
Check: installed package size
Result: NOTE
     installed size is 66.0Mb
     sub-directories of 1Mb or more:
     libs 64.8Mb
Flavors: r-devel-linux-x86_64-fedora-clang, r-devel-windows-ix86+x86_64, r-patched-solaris-x86, r-release-macos-x86_64, r-release-windows-ix86+x86_64, r-oldrel-macos-x86_64, r-oldrel-windows-ix86+x86_64

Version: 1.0.4
Check: line endings in C/C++/Fortran sources/headers
Result: NOTE
    Found the following sources/headers with CR or CRLF line endings:
     src/stan_files/multiK.hpp
     src/stan_files/oneK.hpp
     src/stan_files/space_multiK.hpp
     src/stan_files/space_oneK.hpp
    Some Unix compilers require LF line endings.
Flavor: r-devel-windows-x86_64-gcc10-UCRT