CRAN Package Check Results for Package condvis2

Last updated on 2021-12-04 19:52:51 CET.

Flavor Version Tinstall Tcheck Ttotal Status Flags
r-devel-linux-x86_64-debian-clang 0.1.1 9.94 143.45 153.39 NOTE
r-devel-linux-x86_64-debian-gcc 0.1.1 6.84 106.35 113.19 NOTE
r-devel-linux-x86_64-fedora-clang 0.1.1 198.82 NOTE
r-devel-linux-x86_64-fedora-gcc 0.1.1 173.76 NOTE
r-devel-windows-x86_64-new-UL 0.1.1 23.00 193.00 216.00 NOTE
r-devel-windows-x86_64-new-TK 0.1.1 NOTE
r-devel-windows-x86_64-old 0.1.1 17.00 139.00 156.00 NOTE
r-patched-linux-x86_64 0.1.1 10.11 133.14 143.25 NOTE
r-release-linux-x86_64 0.1.1 10.76 131.94 142.70 NOTE
r-release-macos-arm64 0.1.1 NOTE
r-release-macos-x86_64 0.1.1 NOTE
r-release-windows-ix86+x86_64 0.1.1 22.00 166.00 188.00 NOTE
r-oldrel-macos-x86_64 0.1.1 OK
r-oldrel-windows-ix86+x86_64 0.1.1 23.00 166.00 189.00 OK

Check Details

Version: 0.1.1
Check: LazyData
Result: NOTE
     'LazyData' is specified without a 'data' directory
Flavors: r-devel-linux-x86_64-debian-clang, r-devel-linux-x86_64-debian-gcc, r-devel-linux-x86_64-fedora-clang, r-devel-linux-x86_64-fedora-gcc, r-devel-windows-x86_64-new-UL, r-devel-windows-x86_64-new-TK, r-devel-windows-x86_64-old, r-patched-linux-x86_64, r-release-linux-x86_64, r-release-macos-arm64, r-release-macos-x86_64, r-release-windows-ix86+x86_64