CRAN Package Check Results for Package confintr

Last updated on 2021-12-06 19:50:35 CET.

Flavor Version Tinstall Tcheck Ttotal Status Flags
r-devel-linux-x86_64-debian-clang 0.1.1 3.70 63.04 66.74 NOTE
r-devel-linux-x86_64-debian-gcc 0.1.1 2.52 47.64 50.16 NOTE
r-devel-linux-x86_64-fedora-clang 0.1.1 79.67 NOTE
r-devel-linux-x86_64-fedora-gcc 0.1.1 72.26 NOTE
r-devel-windows-x86_64-new-UL 0.1.1 10.00 97.00 107.00 NOTE
r-devel-windows-x86_64-new-TK 0.1.1 NOTE
r-devel-windows-x86_64-old 0.1.1 5.00 64.00 69.00 NOTE
r-patched-linux-x86_64 0.1.1 3.43 51.77 55.20 NOTE
r-release-linux-x86_64 0.1.1 2.58 59.70 62.28 NOTE
r-release-macos-arm64 0.1.1 NOTE
r-release-macos-x86_64 0.1.1 NOTE
r-release-windows-ix86+x86_64 0.1.1 6.00 75.00 81.00 NOTE
r-oldrel-macos-x86_64 0.1.1 OK
r-oldrel-windows-ix86+x86_64 0.1.1 7.00 75.00 82.00 OK

Check Details

Version: 0.1.1
Check: LazyData
Result: NOTE
     'LazyData' is specified without a 'data' directory
Flavors: r-devel-linux-x86_64-debian-clang, r-devel-linux-x86_64-debian-gcc, r-devel-linux-x86_64-fedora-clang, r-devel-linux-x86_64-fedora-gcc, r-devel-windows-x86_64-new-UL, r-devel-windows-x86_64-new-TK, r-devel-windows-x86_64-old, r-patched-linux-x86_64, r-release-linux-x86_64, r-release-macos-arm64, r-release-macos-x86_64, r-release-windows-ix86+x86_64