CRAN Package Check Results for Package conmet

Last updated on 2022-01-15 19:59:55 CET.

Flavor Version Tinstall Tcheck Ttotal Status Flags
r-devel-linux-x86_64-debian-clang 0.1.0 3.29 41.71 45.00 OK
r-devel-linux-x86_64-debian-gcc 0.1.0 3.09 32.26 35.35 OK
r-devel-linux-x86_64-fedora-clang 0.1.0 57.11 NOTE
r-devel-linux-x86_64-fedora-gcc 0.1.0 44.73 NOTE
r-devel-windows-x86_64-new-UL 0.1.0 13.00 69.00 82.00 OK
r-devel-windows-x86_64-new-TK 0.1.0 NOTE
r-patched-linux-x86_64 0.1.0 2.46 39.51 41.97 OK
r-release-linux-x86_64 0.1.0 2.33 40.02 42.35 OK
r-release-macos-arm64 0.1.0 NOTE
r-release-macos-x86_64 0.1.0 NOTE
r-release-windows-ix86+x86_64 0.1.0 11.00 54.00 65.00 OK
r-oldrel-macos-x86_64 0.1.0 NOTE
r-oldrel-windows-ix86+x86_64 0.1.0 10.00 55.00 65.00 OK

Check Details

Version: 0.1.0
Check: dependencies in R code
Result: NOTE
    Namespaces in Imports field not imported from:
     ‘DT’ ‘Hmisc’ ‘dplyr’ ‘foreign’ ‘lavaan’ ‘openxlsx’ ‘purrr’ ‘semTools’
     ‘shinyWidgets’ ‘stringr’ ‘summarytools’ ‘waiter’
     All declared Imports should be used.
Flavors: r-devel-linux-x86_64-fedora-clang, r-devel-linux-x86_64-fedora-gcc, r-devel-windows-x86_64-new-TK, r-release-macos-arm64, r-release-macos-x86_64, r-oldrel-macos-x86_64