CRAN Package Check Results for Package connections

Last updated on 2024-07-19 21:57:19 CEST.

Flavor Version Tinstall Tcheck Ttotal Status Flags
r-devel-linux-x86_64-debian-clang 0.2.0 7.96 54.70 62.66 OK
r-devel-linux-x86_64-debian-gcc 0.2.0 5.14 41.25 46.39 OK
r-devel-linux-x86_64-fedora-clang 0.2.0 79.09 OK
r-devel-linux-x86_64-fedora-gcc 0.2.0 75.30 OK
r-devel-windows-x86_64 0.2.0 8.00 60.00 68.00 NOTE
r-patched-linux-x86_64 0.2.0 10.66 53.41 64.07 OK
r-release-linux-x86_64 0.2.0 5.29 53.02 58.31 OK
r-release-macos-arm64 0.2.0 25.00 OK
r-release-macos-x86_64 0.2.0 38.00 OK
r-release-windows-x86_64 0.2.0 7.00 60.00 67.00 OK
r-oldrel-macos-arm64 0.2.0 33.00 OK
r-oldrel-macos-x86_64 0.2.0 46.00 OK
r-oldrel-windows-x86_64 0.2.0 9.00 66.00 75.00 OK

Check Details

Version: 0.2.0
Check: Rd cross-references
Result: NOTE Found the following Rd file(s) with Rd \link{} targets missing package anchors: DBI.Rd: DBIConnection-class Please provide package anchors for all Rd \link{} targets not in the package itself and the base packages. Flavor: r-devel-windows-x86_64