CRAN Package Check Results for Package conquer

Last updated on 2024-02-26 19:50:05 CET.

Flavor Version Tinstall Tcheck Ttotal Status Flags
r-devel-linux-x86_64-debian-clang 1.3.3 251.06 84.67 335.73 OK
r-devel-linux-x86_64-debian-gcc 1.3.3 175.62 65.95 241.57 OK
r-devel-linux-x86_64-fedora-clang 1.3.3 416.87 OK
r-devel-linux-x86_64-fedora-gcc 1.3.3 441.83 OK
r-devel-windows-x86_64 1.3.3 153.00 108.00 261.00 OK
r-patched-linux-x86_64 1.3.3 197.71 84.37 282.08 OK
r-release-linux-x86_64 1.3.3 208.00 84.48 292.48 OK
r-release-macos-arm64 1.3.3 113.00 NOTE
r-release-macos-x86_64 1.3.3 203.00 NOTE
r-release-windows-x86_64 1.3.3 193.00 124.00 317.00 OK
r-oldrel-macos-arm64 1.3.3 118.00 NOTE
r-oldrel-windows-x86_64 1.3.3 186.00 121.00 307.00 OK

Check Details

Version: 1.3.3
Check: installed package size
Result: NOTE installed size is 20.1Mb sub-directories of 1Mb or more: libs 19.9Mb Flavors: r-release-macos-arm64, r-release-macos-x86_64, r-oldrel-macos-arm64