CRAN Package Check Results for Package contoureR

Last updated on 2024-02-26 19:50:05 CET.

Flavor Version Tinstall Tcheck Ttotal Status Flags
r-devel-linux-x86_64-debian-clang 1.0.5 39.98 34.80 74.78 NOTE
r-devel-linux-x86_64-debian-gcc 1.0.5 29.65 26.97 56.62 NOTE
r-devel-linux-x86_64-fedora-clang 1.0.5 109.36 NOTE
r-devel-linux-x86_64-fedora-gcc 1.0.5 102.39 NOTE
r-devel-windows-x86_64 1.0.5 31.00 68.00 99.00 NOTE
r-patched-linux-x86_64 1.0.5 34.18 34.68 68.86 NOTE
r-release-linux-x86_64 1.0.5 41.95 34.47 76.42 NOTE
r-release-macos-arm64 1.0.5 34.00 NOTE
r-release-macos-x86_64 1.0.5 49.00 NOTE
r-release-windows-x86_64 1.0.5 40.00 77.00 117.00 NOTE
r-oldrel-macos-arm64 1.0.5 32.00 OK
r-oldrel-windows-x86_64 1.0.5 39.00 78.00 117.00 OK

Check Details

Version: 1.0.5
Check: C++ specification
Result: NOTE Specified C++11: please drop specification unless essential Flavors: r-devel-linux-x86_64-debian-clang, r-devel-linux-x86_64-debian-gcc, r-devel-linux-x86_64-fedora-clang, r-devel-linux-x86_64-fedora-gcc, r-devel-windows-x86_64, r-patched-linux-x86_64, r-release-linux-x86_64, r-release-macos-arm64, r-release-macos-x86_64, r-release-windows-x86_64

Version: 1.0.5
Check: Rd files
Result: NOTE checkRd: (-1) getConvexHull.Rd:28: Lost braces in \itemize; meant \describe ? checkRd: (-1) getConvexHull.Rd:29: Lost braces in \itemize; meant \describe ? checkRd: (-1) getConvexHull.Rd:30: Lost braces in \itemize; meant \describe ? Flavors: r-devel-linux-x86_64-debian-clang, r-devel-linux-x86_64-debian-gcc, r-devel-linux-x86_64-fedora-clang

Version: 1.0.5
Check: compiled code
Result: NOTE File ‘contoureR/libs/contoureR.so’: Found no calls to: ‘R_registerRoutines’, ‘R_useDynamicSymbols’ It is good practice to register native routines and to disable symbol search. See ‘Writing portable packages’ in the ‘Writing R Extensions’ manual. Flavors: r-devel-linux-x86_64-fedora-clang, r-devel-linux-x86_64-fedora-gcc