CRAN Package Check Results for Package control

Last updated on 2022-05-25 21:52:55 CEST.

Flavor Version Tinstall Tcheck Ttotal Status Flags
r-devel-linux-x86_64-debian-clang 0.2.5 4.73 61.65 66.38 NOTE
r-devel-linux-x86_64-debian-gcc 0.2.5 4.73 45.23 49.96 NOTE
r-devel-linux-x86_64-fedora-clang 0.2.5 79.26 NOTE
r-devel-linux-x86_64-fedora-gcc 0.2.5 77.90 NOTE
r-devel-windows-x86_64 0.2.5 31.00 84.00 115.00 NOTE
r-patched-linux-x86_64 0.2.5 6.31 59.38 65.69 NOTE
r-release-linux-x86_64 0.2.5 NOTE
r-release-macos-arm64 0.2.5 23.00 NOTE
r-release-macos-x86_64 0.2.5 35.00 NOTE
r-release-windows-x86_64 0.2.5 32.00 86.00 118.00 NOTE
r-oldrel-macos-arm64 0.2.5 26.00 NOTE
r-oldrel-macos-x86_64 0.2.5 50.00 NOTE
r-oldrel-windows-ix86+x86_64 0.2.5 11.00 77.00 88.00 NOTE

Check Details

Version: 0.2.5
Check: LazyData
Result: NOTE
     'LazyData' is specified without a 'data' directory
Flavors: r-devel-linux-x86_64-debian-clang, r-devel-linux-x86_64-debian-gcc, r-devel-linux-x86_64-fedora-clang, r-devel-linux-x86_64-fedora-gcc, r-devel-windows-x86_64, r-patched-linux-x86_64, r-release-linux-x86_64, r-release-macos-arm64, r-release-macos-x86_64, r-release-windows-x86_64, r-oldrel-macos-arm64, r-oldrel-macos-x86_64, r-oldrel-windows-ix86+x86_64