CRAN Package Check Results for Package convey

Last updated on 2022-09-30 21:48:54 CEST.

Flavor Version Tinstall Tcheck Ttotal Status Flags
r-devel-linux-x86_64-debian-clang 0.2.5 14.38 209.85 224.23 OK
r-devel-linux-x86_64-debian-gcc 0.2.5 12.29 156.44 168.73 OK
r-devel-linux-x86_64-fedora-clang 0.2.5 285.65 OK
r-devel-linux-x86_64-fedora-gcc 0.2.5 266.88 OK
r-devel-windows-x86_64 0.2.5 31.00 247.00 278.00 OK
r-patched-linux-x86_64 0.2.5 19.40 202.52 221.92 OK
r-release-linux-x86_64 0.2.5 11.76 201.43 213.19 OK
r-release-macos-arm64 0.2.5 70.00 OK
r-release-macos-x86_64 0.2.5 114.00 OK
r-release-windows-x86_64 0.2.5 32.00 241.00 273.00 OK
r-oldrel-macos-arm64 0.2.4 74.00 NOTE
r-oldrel-macos-x86_64 0.2.4 100.00 OK
r-oldrel-windows-ix86+x86_64 0.2.4 18.00 180.00 198.00 OK

Check Details

Version: 0.2.4
Check: package dependencies
Result: NOTE
    Package suggested but not available for checking: ‘RODBC’
Flavor: r-oldrel-macos-arm64