CRAN Package Check Results for Package copCAR

Last updated on 2024-02-27 19:54:34 CET.

Flavor Version Tinstall Tcheck Ttotal Status Flags
r-devel-linux-x86_64-debian-clang 2.0-4 34.63 61.28 95.91 NOTE
r-devel-linux-x86_64-debian-gcc 2.0-4 32.75 46.59 79.34 NOTE
r-devel-linux-x86_64-fedora-clang 2.0-4 136.49 NOTE
r-devel-linux-x86_64-fedora-gcc 2.0-4 138.32 NOTE
r-devel-windows-x86_64 2.0-4 33.00 80.00 113.00 OK
r-patched-linux-x86_64 2.0-4 27.94 59.86 87.80 OK
r-release-linux-x86_64 2.0-4 42.94 60.06 103.00 OK
r-release-macos-arm64 2.0-4 39.00 OK
r-release-macos-x86_64 2.0-4 57.00 OK
r-release-windows-x86_64 2.0-4 41.00 91.00 132.00 OK
r-oldrel-macos-arm64 2.0-4 35.00 OK
r-oldrel-windows-x86_64 2.0-4 40.00 88.00 128.00 OK

Check Details

Version: 2.0-4
Check: Rd files
Result: NOTE checkRd: (-1) copCAR.Rd:40: Lost braces 40 | item{\code{maxit}}{the maximum number of iterations to be used by \code{\link{optim}} when optimizing the objective function. Defaults to \code{1000}.} | ^ checkRd: (-1) copCAR.Rd:40: Lost braces 40 | item{\code{maxit}}{the maximum number of iterations to be used by \code{\link{optim}} when optimizing the objective function. Defaults to \code{1000}.} | ^ Flavors: r-devel-linux-x86_64-debian-clang, r-devel-linux-x86_64-debian-gcc, r-devel-linux-x86_64-fedora-clang, r-devel-linux-x86_64-fedora-gcc