CRAN Package Check Results for Package copre

Last updated on 2024-02-28 19:49:32 CET.

Flavor Version Tinstall Tcheck Ttotal Status Flags
r-devel-linux-x86_64-debian-clang 0.2.0 100.10 46.56 146.66 WARN
r-devel-linux-x86_64-debian-gcc 0.2.0 75.37 34.68 110.05 OK
r-devel-linux-x86_64-fedora-clang 0.2.0 217.94 OK
r-devel-linux-x86_64-fedora-gcc 0.2.0 207.35 OK
r-devel-windows-x86_64 0.2.0 77.00 77.00 154.00 OK
r-patched-linux-x86_64 0.2.0 91.16 44.64 135.80 OK
r-release-linux-x86_64 0.2.0 91.19 44.58 135.77 OK
r-release-macos-arm64 0.2.0 52.00 NOTE
r-release-macos-x86_64 0.2.0 85.00 NOTE
r-release-windows-x86_64 0.2.0 94.00 88.00 182.00 OK
r-oldrel-macos-arm64 0.2.0 42.00 NOTE
r-oldrel-windows-x86_64 0.2.0 99.00 90.00 189.00 OK

Check Details

Version: 0.2.0
Check: whether package can be installed
Result: WARN Found the following significant warnings: seqre.cpp:120:36: warning: using integer absolute value function 'abs' when argument is of floating point type [-Wabsolute-value] seqre.cpp:173:20: warning: using integer absolute value function 'abs' when argument is of floating point type [-Wabsolute-value] seqre.cpp:181:15: warning: using integer absolute value function 'abs' when argument is of floating point type [-Wabsolute-value] See ‘/home/hornik/tmp/R.check/r-devel-clang/Work/PKGS/copre.Rcheck/00install.out’ for details. * used C++ compiler: ‘Debian clang version 17.0.6 (5)’ Flavor: r-devel-linux-x86_64-debian-clang

Version: 0.2.0
Check: installed package size
Result: NOTE installed size is 5.9Mb sub-directories of 1Mb or more: help 2.6Mb libs 3.2Mb Flavors: r-release-macos-arm64, r-release-macos-x86_64, r-oldrel-macos-arm64