CRAN Package Check Results for Package corTest

Last updated on 2021-11-29 19:51:26 CET.

Flavor Version Tinstall Tcheck Ttotal Status Flags
r-devel-linux-x86_64-debian-clang 1.0.7 9.39 106.45 115.84 OK
r-devel-linux-x86_64-debian-gcc 1.0.7 8.58 80.59 89.17 OK
r-devel-linux-x86_64-fedora-clang 1.0.7 150.22 NOTE
r-devel-linux-x86_64-fedora-gcc 1.0.7 138.98 NOTE
r-devel-windows-x86_64-new-UL 1.0.7 21.00 144.00 165.00 OK
r-devel-windows-x86_64-new-TK 1.0.7 NOTE
r-devel-windows-x86_64-old 1.0.7 18.00 101.00 119.00 OK
r-patched-linux-x86_64 1.0.7 11.67 98.05 109.72 OK
r-patched-solaris-x86 1.0.7 210.20 NOTE
r-release-linux-x86_64 1.0.7 11.49 99.66 111.15 OK
r-release-macos-arm64 1.0.7 NOTE
r-release-macos-x86_64 1.0.7 NOTE
r-release-windows-ix86+x86_64 1.0.7 28.00 97.00 125.00 OK
r-oldrel-macos-x86_64 1.0.7 NOTE
r-oldrel-windows-ix86+x86_64 1.0.7 19.00 95.00 114.00 OK

Check Details

Version: 1.0.7
Check: dependencies in R code
Result: NOTE
    Namespace in Imports field not imported from: ‘graphics’
     All declared Imports should be used.
Flavors: r-devel-linux-x86_64-fedora-clang, r-devel-linux-x86_64-fedora-gcc, r-devel-windows-x86_64-new-TK, r-patched-solaris-x86, r-release-macos-arm64, r-release-macos-x86_64, r-oldrel-macos-x86_64