CRAN Package Check Results for Package corpus

Last updated on 2021-12-03 19:50:07 CET.

Flavor Version Tinstall Tcheck Ttotal Status Flags
r-devel-linux-x86_64-debian-clang 0.10.2 24.35 56.10 80.45 OK
r-devel-linux-x86_64-debian-gcc 0.10.2 18.88 43.26 62.14 OK
r-devel-linux-x86_64-fedora-clang 0.10.2 116.72 NOTE
r-devel-linux-x86_64-fedora-gcc 0.10.2 112.81 NOTE
r-devel-windows-x86_64-new-UL 0.10.2 87.00 125.00 212.00 OK
r-devel-windows-x86_64-new-TK 0.10.2 NOTE
r-devel-windows-x86_64-old 0.10.2 49.00 70.00 119.00 OK
r-patched-linux-x86_64 0.10.2 24.30 55.06 79.36 OK
r-release-linux-x86_64 0.10.2 23.76 55.44 79.20 OK
r-release-macos-arm64 0.10.2 NOTE
r-release-macos-x86_64 0.10.2 NOTE
r-release-windows-ix86+x86_64 0.10.2 92.00 110.00 202.00 OK
r-oldrel-macos-x86_64 0.10.2 NOTE
r-oldrel-windows-ix86+x86_64 0.10.2 93.00 108.00 201.00 OK

Check Details

Version: 0.10.2
Check: data for non-ASCII characters
Result: NOTE
     Note: found 578 marked UTF-8 strings
Flavors: r-devel-linux-x86_64-fedora-clang, r-devel-linux-x86_64-fedora-gcc, r-devel-windows-x86_64-new-TK, r-release-macos-arm64, r-release-macos-x86_64, r-oldrel-macos-x86_64