Last updated on 2021-03-07 19:48:52 CET.
Flavor | Version | Tinstall | Tcheck | Ttotal | Status | Flags |
---|---|---|---|---|---|---|
r-devel-linux-x86_64-debian-clang | 1.2.1 | 28.48 | 82.55 | 111.03 | OK | |
r-devel-linux-x86_64-debian-gcc | 1.2.1 | 15.70 | 59.65 | 75.35 | OK | |
r-devel-linux-x86_64-fedora-clang | 1.2.1 | 146.37 | NOTE | |||
r-devel-linux-x86_64-fedora-gcc | 1.2.1 | 122.41 | NOTE | |||
r-devel-windows-x86_64-gcc10-UCRT | 1.2.1 | NOTE | ||||
r-patched-linux-x86_64 | 1.2.1 | 21.75 | 73.15 | 94.90 | OK | |
r-patched-solaris-x86 | 1.2.1 | 181.40 | NOTE | |||
r-release-linux-x86_64 | 1.2.1 | 20.97 | 73.21 | 94.18 | OK | |
r-release-macos-x86_64 | 1.2.1 | NOTE | ||||
r-release-windows-ix86+x86_64 | 1.1.0 | 41.00 | 136.00 | 177.00 | NOTE | |
r-oldrel-macos-x86_64 | 1.2.1 | NOTE | ||||
r-oldrel-windows-ix86+x86_64 | 1.1.0 | 53.00 | 136.00 | 189.00 | NOTE |
Version: 1.2.1
Check: installed package size
Result: NOTE
installed size is 5.1Mb
sub-directories of 1Mb or more:
extdata 3.8Mb
Flavors: r-devel-linux-x86_64-fedora-clang, r-release-macos-x86_64
Version: 1.2.1
Check: dependencies in R code
Result: NOTE
Namespace in Imports field not imported from: ‘data.table’
All declared Imports should be used.
Flavors: r-devel-linux-x86_64-fedora-clang, r-devel-linux-x86_64-fedora-gcc, r-devel-windows-x86_64-gcc10-UCRT, r-patched-solaris-x86, r-release-macos-x86_64, r-oldrel-macos-x86_64
Version: 1.1.0
Check: installed package size
Result: NOTE
installed size is 5.6Mb
sub-directories of 1Mb or more:
extdata 3.2Mb
libs 2.0Mb
Flavors: r-release-windows-ix86+x86_64, r-oldrel-windows-ix86+x86_64