CRAN Package Check Results for Package correlationfunnel

Last updated on 2025-01-24 19:48:24 CET.

Flavor Version Tinstall Tcheck Ttotal Status Flags
r-devel-linux-x86_64-debian-clang 0.2.0 15.24 173.04 188.28 OK
r-devel-linux-x86_64-debian-gcc 0.2.0 10.77 124.77 135.54 OK
r-devel-linux-x86_64-fedora-clang 0.2.0 299.80 NOTE
r-devel-linux-x86_64-fedora-gcc 0.2.0 306.32 NOTE
r-devel-windows-x86_64 0.2.0 15.00 172.00 187.00 OK
r-patched-linux-x86_64 0.2.0 14.15 161.67 175.82 OK
r-release-linux-x86_64 0.2.0 13.83 162.21 176.04 OK
r-release-macos-arm64 0.2.0 88.00 OK
r-release-macos-x86_64 0.2.0 172.00 OK
r-release-windows-x86_64 0.2.0 16.00 172.00 188.00 OK
r-oldrel-macos-arm64 0.2.0 84.00 OK
r-oldrel-macos-x86_64 0.2.0 143.00 OK
r-oldrel-windows-x86_64 0.2.0 21.00 220.00 241.00 OK

Check Details

Version: 0.2.0
Check: dependencies in R code
Result: NOTE Namespace in Imports field not imported from: ‘utils’ All declared Imports should be used. Flavors: r-devel-linux-x86_64-fedora-clang, r-devel-linux-x86_64-fedora-gcc