CRAN Package Check Results for Package correlationfunnel

Last updated on 2024-02-29 20:05:23 CET.

Flavor Version Tinstall Tcheck Ttotal Status Flags
r-devel-linux-x86_64-debian-clang 0.2.0 18.61 217.18 235.79 OK
r-devel-linux-x86_64-debian-gcc 0.2.0 13.10 162.73 175.83 OK
r-devel-linux-x86_64-fedora-clang 0.2.0 291.02 NOTE
r-devel-linux-x86_64-fedora-gcc 0.2.0 309.40 NOTE
r-devel-windows-x86_64 0.2.0 15.00 179.00 194.00 OK
r-patched-linux-x86_64 0.2.0 16.63 204.25 220.88 OK
r-release-linux-x86_64 0.2.0 19.84 202.10 221.94 OK
r-release-macos-arm64 0.2.0 84.00 OK
r-release-macos-x86_64 0.2.0 143.00 OK
r-release-windows-x86_64 0.2.0 21.00 223.00 244.00 OK
r-oldrel-macos-arm64 0.2.0 74.00 NOTE
r-oldrel-windows-x86_64 0.2.0 21.00 227.00 248.00 OK

Check Details

Version: 0.2.0
Check: dependencies in R code
Result: NOTE Namespace in Imports field not imported from: ‘utils’ All declared Imports should be used. Flavors: r-devel-linux-x86_64-fedora-clang, r-devel-linux-x86_64-fedora-gcc, r-oldrel-macos-arm64