CRAN Package Check Results for Package corrplot

Last updated on 2024-07-12 21:49:56 CEST.

Flavor Version Tinstall Tcheck Ttotal Status Flags
r-devel-linux-x86_64-debian-clang 0.92 3.99 86.87 90.86 OK
r-devel-linux-x86_64-debian-gcc 0.92 3.38 67.47 70.85 OK
r-devel-linux-x86_64-fedora-clang 0.92 119.10 NOTE
r-devel-linux-x86_64-fedora-gcc 0.92 126.77 OK
r-devel-windows-x86_64 0.92 4.00 68.00 72.00 OK
r-patched-linux-x86_64 0.92 4.79 83.19 87.98 OK
r-release-linux-x86_64 0.92 3.42 85.10 88.52 OK
r-release-macos-arm64 0.92 35.00 OK
r-release-macos-x86_64 0.92 54.00 OK
r-release-windows-x86_64 0.92 4.00 68.00 72.00 OK
r-oldrel-macos-arm64 0.92 39.00 OK
r-oldrel-macos-x86_64 0.92 52.00 OK
r-oldrel-windows-x86_64 0.92 6.00 77.00 83.00 OK

Check Details

Version: 0.92
Check: installed package size
Result: NOTE installed size is 5.0Mb sub-directories of 1Mb or more: doc 4.8Mb Flavor: r-devel-linux-x86_64-fedora-clang