CRAN Package Check Results for Package corrr

Last updated on 2021-11-27 19:49:30 CET.

Flavor Version Tinstall Tcheck Ttotal Status Flags
r-devel-linux-x86_64-debian-clang 0.4.3 NOTE
r-devel-linux-x86_64-debian-gcc 0.4.3 4.63 51.34 55.97 NOTE
r-devel-linux-x86_64-fedora-clang 0.4.3 97.38 NOTE
r-devel-linux-x86_64-fedora-gcc 0.4.3 85.48 NOTE
r-devel-windows-x86_64-new-UL 0.4.3 14.00 120.00 134.00 NOTE
r-devel-windows-x86_64-new-TK 0.4.3 NOTE
r-devel-windows-x86_64-old 0.4.3 8.00 90.00 98.00 NOTE
r-patched-linux-x86_64 0.4.3 9.05 64.33 73.38 NOTE
r-patched-solaris-x86 0.4.3 112.80 NOTE
r-release-linux-x86_64 0.4.3 NOTE
r-release-macos-arm64 0.4.3 NOTE
r-release-macos-x86_64 0.4.3 NOTE
r-release-windows-ix86+x86_64 0.4.3 14.00 74.00 88.00 NOTE
r-oldrel-macos-x86_64 0.4.3 OK
r-oldrel-windows-ix86+x86_64 0.4.3 17.00 94.00 111.00 OK

Check Details

Version: 0.4.3
Check: LazyData
Result: NOTE
     'LazyData' is specified without a 'data' directory
Flavors: r-devel-linux-x86_64-debian-clang, r-devel-linux-x86_64-debian-gcc, r-devel-linux-x86_64-fedora-clang, r-devel-linux-x86_64-fedora-gcc, r-devel-windows-x86_64-new-UL, r-devel-windows-x86_64-new-TK, r-devel-windows-x86_64-old, r-patched-linux-x86_64, r-patched-solaris-x86, r-release-linux-x86_64, r-release-macos-arm64, r-release-macos-x86_64, r-release-windows-ix86+x86_64