Last updated on 2023-12-08 19:51:30 CET.
Flavor | Version | Tinstall | Tcheck | Ttotal | Status | Flags |
---|---|---|---|---|---|---|
r-devel-linux-x86_64-debian-clang | 0.1.2 | 20.96 | 96.99 | 117.95 | OK | |
r-devel-linux-x86_64-debian-gcc | 0.1.2 | 17.28 | 75.38 | 92.66 | OK | |
r-devel-linux-x86_64-fedora-clang | 0.1.2 | 162.88 | OK | |||
r-devel-linux-x86_64-fedora-gcc | 0.1.2 | 166.99 | OK | |||
r-devel-windows-x86_64 | 0.1.2 | 19.00 | 94.00 | 113.00 | OK | |
r-patched-linux-x86_64 | 0.1.2 | 20.51 | 96.24 | 116.75 | OK | |
r-release-linux-x86_64 | 0.1.2 | 20.01 | 94.22 | 114.23 | OK | |
r-release-macos-arm64 | 0.1.2 | 51.00 | OK | |||
r-release-macos-x86_64 | 0.1.2 | 83.00 | NOTE | |||
r-release-windows-x86_64 | 0.1.2 | 28.00 | 112.00 | 140.00 | OK | |
r-oldrel-macos-arm64 | 0.1.2 | 36.00 | OK | |||
r-oldrel-macos-x86_64 | 0.1.2 | 63.00 | OK | |||
r-oldrel-windows-x86_64 | 0.1.2 | 28.00 | 109.00 | 137.00 | OK |
Version: 0.1.2
Check: package dependencies
Result: NOTE
Package suggested but not available for checking: ‘tidymodels’
Flavor: r-release-macos-x86_64