CRAN Package Check Results for Package countgmifs

Last updated on 2021-11-29 19:51:26 CET.

Flavor Version Tinstall Tcheck Ttotal Status Flags
r-devel-linux-x86_64-debian-clang 0.0.2 3.03 45.06 48.09 NOTE
r-devel-linux-x86_64-debian-gcc 0.0.2 2.15 35.52 37.67 NOTE
r-devel-linux-x86_64-fedora-clang 0.0.2 71.94 NOTE
r-devel-linux-x86_64-fedora-gcc 0.0.2 60.47 NOTE
r-devel-windows-x86_64-new-UL 0.0.2 7.00 116.00 123.00 NOTE
r-devel-windows-x86_64-new-TK 0.0.2 NOTE
r-devel-windows-x86_64-old 0.0.2 5.00 63.00 68.00 NOTE
r-patched-linux-x86_64 0.0.2 2.78 44.34 47.12 NOTE
r-patched-solaris-x86 0.0.2 106.90 NOTE
r-release-linux-x86_64 0.0.2 2.37 43.64 46.01 NOTE
r-release-macos-arm64 0.0.2 NOTE
r-release-macos-x86_64 0.0.2 NOTE
r-release-windows-ix86+x86_64 0.0.2 6.00 56.00 62.00 NOTE
r-oldrel-macos-x86_64 0.0.2 OK
r-oldrel-windows-ix86+x86_64 0.0.2 5.00 62.00 67.00 OK

Check Details

Version: 0.0.2
Check: LazyData
Result: NOTE
     'LazyData' is specified without a 'data' directory
Flavors: r-devel-linux-x86_64-debian-clang, r-devel-linux-x86_64-debian-gcc, r-devel-linux-x86_64-fedora-clang, r-devel-linux-x86_64-fedora-gcc, r-devel-windows-x86_64-new-UL, r-devel-windows-x86_64-new-TK, r-devel-windows-x86_64-old, r-patched-linux-x86_64, r-patched-solaris-x86, r-release-linux-x86_64, r-release-macos-arm64, r-release-macos-x86_64, r-release-windows-ix86+x86_64