Last updated on 2021-01-19 19:47:54 CET.
Flavor | Version | Tinstall | Tcheck | Ttotal | Status | Flags |
---|---|---|---|---|---|---|
r-devel-linux-x86_64-debian-clang | 1.1.3 | 15.05 | 90.98 | 106.03 | OK | |
r-devel-linux-x86_64-debian-gcc | 1.1.3 | 14.07 | 69.46 | 83.53 | OK | |
r-devel-linux-x86_64-fedora-clang | 1.1.3 | 140.23 | NOTE | |||
r-devel-linux-x86_64-fedora-gcc | 1.1.3 | 130.26 | NOTE | |||
r-devel-windows-ix86+x86_64 | 1.1.3 | 21.00 | 91.00 | 112.00 | OK | |
r-patched-linux-x86_64 | 1.1.3 | 15.12 | 87.52 | 102.64 | OK | |
r-patched-solaris-x86 | 1.1.3 | 185.60 | NOTE | |||
r-release-linux-x86_64 | 1.1.3 | 16.50 | 88.31 | 104.81 | OK | |
r-release-macos-x86_64 | 1.1.3 | NOTE | ||||
r-release-windows-ix86+x86_64 | 1.1.3 | 27.00 | 87.00 | 114.00 | OK | |
r-oldrel-macos-x86_64 | 1.1.3 | NOTE | ||||
r-oldrel-windows-ix86+x86_64 | 1.1.3 | 20.00 | 77.00 | 97.00 | OK |
Version: 1.1.3
Check: dependencies in R code
Result: NOTE
Namespace in Imports field not imported from: ‘gstat’
All declared Imports should be used.
Flavors: r-devel-linux-x86_64-fedora-clang, r-devel-linux-x86_64-fedora-gcc, r-patched-solaris-x86, r-release-macos-x86_64, r-oldrel-macos-x86_64