CRAN Package Check Results for Package covatest

Last updated on 2024-03-01 19:48:55 CET.

Flavor Version Tinstall Tcheck Ttotal Status Flags
r-devel-linux-x86_64-debian-clang 1.2.3 21.66 112.34 134.00 OK
r-devel-linux-x86_64-debian-gcc 1.2.3 16.74 82.72 99.46 OK
r-devel-linux-x86_64-fedora-clang 1.2.3 159.34 NOTE
r-devel-linux-x86_64-fedora-gcc 1.2.3 158.15 NOTE
r-devel-windows-x86_64 1.2.3 16.00 98.00 114.00 OK
r-patched-linux-x86_64 1.2.3 20.80 107.51 128.31 OK
r-release-linux-x86_64 1.2.3 19.50 109.15 128.65 OK
r-release-macos-arm64 1.2.3 42.00 OK
r-release-macos-x86_64 1.2.3 121.00 OK
r-release-windows-x86_64 1.2.3 22.00 117.00 139.00 OK
r-oldrel-macos-arm64 1.2.3 45.00 OK
r-oldrel-windows-x86_64 1.2.3 25.00 114.00 139.00 OK

Check Details

Version: 1.2.3
Check: dependencies in R code
Result: NOTE Namespace in Imports field not imported from: ‘gstat’ All declared Imports should be used. Flavors: r-devel-linux-x86_64-fedora-clang, r-devel-linux-x86_64-fedora-gcc