Last updated on 2023-05-28 22:00:07 CEST.
Flavor | Version | Tinstall | Tcheck | Ttotal | Status | Flags |
---|---|---|---|---|---|---|
r-devel-linux-x86_64-debian-clang | 1.0.2 | 3.78 | 302.62 | 306.40 | OK | |
r-devel-linux-x86_64-debian-gcc | 1.0.2 | 2.43 | 217.29 | 219.72 | OK | |
r-devel-linux-x86_64-fedora-clang | 1.0.2 | 391.66 | NOTE | |||
r-devel-linux-x86_64-fedora-gcc | 1.0.2 | 376.82 | NOTE | |||
r-devel-windows-x86_64 | 1.0.2 | 7.00 | 257.00 | 264.00 | OK | |
r-patched-linux-x86_64 | 1.0.2 | 3.15 | 278.71 | 281.86 | OK | |
r-release-linux-x86_64 | 1.0.2 | 2.45 | 285.70 | 288.15 | OK | |
r-release-macos-arm64 | 1.0.2 | 118.00 | OK | |||
r-release-macos-x86_64 | 1.0.2 | 203.00 | OK | |||
r-release-windows-x86_64 | 1.0.2 | 6.00 | 353.00 | 359.00 | OK | |
r-oldrel-macos-arm64 | 1.0.2 | 113.00 | NOTE | |||
r-oldrel-macos-x86_64 | 1.0.2 | 157.00 | NOTE | |||
r-oldrel-windows-x86_64 | 1.0.2 | 7.00 | 304.00 | 311.00 | OK |
Version: 1.0.2
Check: dependencies in R code
Result: NOTE
Namespace in Imports field not imported from: ‘colourpicker’
All declared Imports should be used.
Flavors: r-devel-linux-x86_64-fedora-clang, r-devel-linux-x86_64-fedora-gcc, r-oldrel-macos-arm64, r-oldrel-macos-x86_64