CRAN Package Check Results for Package covid19br

Last updated on 2021-12-03 19:50:07 CET.

Flavor Version Tinstall Tcheck Ttotal Status Flags
r-devel-linux-x86_64-debian-clang 0.1.3 5.50 130.16 135.66 OK
r-devel-linux-x86_64-debian-gcc 0.1.3 3.76 96.62 100.38 OK
r-devel-linux-x86_64-fedora-clang 0.1.3 160.29 NOTE
r-devel-linux-x86_64-fedora-gcc 0.1.3 151.81 NOTE
r-devel-windows-x86_64-new-UL 0.1.3 14.00 209.00 223.00 NOTE
r-devel-windows-x86_64-new-TK 0.1.3 NOTE
r-devel-windows-x86_64-old 0.1.3 12.00 139.00 151.00 NOTE
r-patched-linux-x86_64 0.1.3 5.10 127.49 132.59 OK
r-release-linux-x86_64 0.1.3 5.15 127.71 132.86 OK
r-release-macos-arm64 0.1.3 NOTE
r-release-macos-x86_64 0.1.3 NOTE
r-release-windows-ix86+x86_64 0.1.3 13.00 184.00 197.00 NOTE
r-oldrel-macos-x86_64 0.1.3 NOTE
r-oldrel-windows-ix86+x86_64 0.1.3 14.00 185.00 199.00 NOTE

Check Details

Version: 0.1.3
Check: installed package size
Result: NOTE
     installed size is 7.8Mb
     sub-directories of 1Mb or more:
     doc 7.5Mb
Flavors: r-devel-linux-x86_64-fedora-clang, r-devel-windows-x86_64-new-UL, r-devel-windows-x86_64-old, r-release-macos-arm64, r-release-macos-x86_64, r-release-windows-ix86+x86_64, r-oldrel-macos-x86_64, r-oldrel-windows-ix86+x86_64

Version: 0.1.3
Check: data for non-ASCII characters
Result: NOTE
     Note: found 2385 marked UTF-8 strings
Flavors: r-devel-linux-x86_64-fedora-clang, r-devel-linux-x86_64-fedora-gcc, r-devel-windows-x86_64-new-TK, r-release-macos-arm64, r-release-macos-x86_64, r-oldrel-macos-x86_64