CRAN Package Check Results for Package covidnor

Last updated on 2024-06-14 22:57:14 CEST.

Flavor Version Tinstall Tcheck Ttotal Status Flags
r-devel-linux-x86_64-debian-clang 2023.05.18 10.09 51.24 61.33 OK
r-devel-linux-x86_64-debian-gcc 2023.05.18 9.38 40.63 50.01 OK
r-devel-linux-x86_64-fedora-clang 2023.05.18 81.79 NOTE
r-devel-linux-x86_64-fedora-gcc 2023.05.18 89.98 NOTE
r-devel-windows-x86_64 2023.05.18 10.00 61.00 71.00 OK
r-patched-linux-x86_64 2023.05.18 8.66 50.22 58.88 OK
r-release-linux-x86_64 2023.05.18 9.18 50.33 59.51 OK
r-release-macos-arm64 2023.05.18 33.00 OK
r-release-macos-x86_64 2023.05.18 52.00 OK
r-release-windows-x86_64 2023.05.18 9.00 61.00 70.00 OK
r-oldrel-macos-arm64 2023.05.18 37.00 OK
r-oldrel-macos-x86_64 2023.05.18 98.00 OK
r-oldrel-windows-x86_64 2023.05.18 11.00 65.00 76.00 OK

Check Details

Version: 2023.05.18
Check: data for non-ASCII characters
Result: NOTE Note: found 213180 marked UTF-8 strings Flavors: r-devel-linux-x86_64-fedora-clang, r-devel-linux-x86_64-fedora-gcc