CRAN Package Check Results for Package covidregionaldata

Last updated on 2021-12-04 19:52:51 CET.

Flavor Version Tinstall Tcheck Ttotal Status Flags
r-devel-linux-x86_64-debian-clang 0.9.2 25.83 239.28 265.11 OK
r-devel-linux-x86_64-debian-gcc 0.9.2 19.86 176.22 196.08 OK
r-devel-linux-x86_64-fedora-clang 0.9.2 311.73 NOTE
r-devel-linux-x86_64-fedora-gcc 0.9.2 301.51 NOTE
r-devel-windows-x86_64-new-UL 0.9.2 51.00 566.00 617.00 OK
r-devel-windows-x86_64-new-TK 0.9.2 NOTE
r-devel-windows-x86_64-old 0.9.2 42.00 215.00 257.00 OK
r-patched-linux-x86_64 0.9.2 27.64 222.22 249.86 OK
r-release-linux-x86_64 0.9.2 22.30 222.38 244.68 OK
r-release-macos-arm64 0.9.2 NOTE
r-release-macos-x86_64 0.9.2 NOTE
r-release-windows-ix86+x86_64 0.9.2 45.00 305.00 350.00 OK
r-oldrel-macos-x86_64 0.9.2 NOTE
r-oldrel-windows-ix86+x86_64 0.9.2 45.00 305.00 350.00 OK

Check Details

Version: 0.9.2
Check: data for non-ASCII characters
Result: NOTE
     Note: found 200 marked UTF-8 strings
Flavors: r-devel-linux-x86_64-fedora-clang, r-devel-linux-x86_64-fedora-gcc, r-devel-windows-x86_64-new-TK, r-release-macos-arm64, r-release-macos-x86_64, r-oldrel-macos-x86_64