CRAN Package Check Results for Package cowsay

Last updated on 2021-11-30 19:51:20 CET.

Flavor Version Tinstall Tcheck Ttotal Status Flags
r-devel-linux-x86_64-debian-clang 0.8.0 2.30 24.76 27.06 NOTE
r-devel-linux-x86_64-debian-gcc 0.8.0 1.71 19.89 21.60 NOTE
r-devel-linux-x86_64-fedora-clang 0.8.0 43.88 NOTE
r-devel-linux-x86_64-fedora-gcc 0.8.0 33.72 NOTE
r-devel-windows-x86_64-new-UL 0.8.0 9.00 69.00 78.00 NOTE
r-devel-windows-x86_64-new-TK 0.8.0 NOTE
r-devel-windows-x86_64-old 0.8.0 4.00 38.00 42.00 NOTE
r-patched-linux-x86_64 0.8.0 2.52 24.07 26.59 NOTE
r-patched-solaris-x86 0.8.0 50.70 NOTE
r-release-linux-x86_64 0.8.0 2.38 23.67 26.05 NOTE
r-release-macos-arm64 0.8.0 NOTE
r-release-macos-x86_64 0.8.0 NOTE
r-release-windows-ix86+x86_64 0.8.0 5.00 35.00 40.00 NOTE
r-oldrel-macos-x86_64 0.8.0 OK
r-oldrel-windows-ix86+x86_64 0.8.0 8.00 35.00 43.00 OK

Check Details

Version: 0.8.0
Check: LazyData
Result: NOTE
     'LazyData' is specified without a 'data' directory
Flavors: r-devel-linux-x86_64-debian-clang, r-devel-linux-x86_64-debian-gcc, r-devel-linux-x86_64-fedora-clang, r-devel-linux-x86_64-fedora-gcc, r-devel-windows-x86_64-new-UL, r-devel-windows-x86_64-new-TK, r-devel-windows-x86_64-old, r-patched-linux-x86_64, r-patched-solaris-x86, r-release-linux-x86_64, r-release-macos-arm64, r-release-macos-x86_64, r-release-windows-ix86+x86_64