Last updated on 2023-06-06 22:07:44 CEST.
Flavor | Version | Tinstall | Tcheck | Ttotal | Status | Flags |
---|---|---|---|---|---|---|
r-devel-linux-x86_64-debian-clang | 0.0.3 | 78.26 | 72.32 | 150.58 | NOTE | |
r-devel-linux-x86_64-debian-gcc | 0.0.3 | 63.55 | 55.43 | 118.98 | NOTE | |
r-devel-linux-x86_64-fedora-clang | 0.0.3 | 213.99 | NOTE | |||
r-devel-linux-x86_64-fedora-gcc | 0.0.3 | 212.47 | NOTE | |||
r-devel-windows-x86_64 | 0.0.3 | 63.00 | 95.00 | 158.00 | NOTE | |
r-patched-linux-x86_64 | 0.0.3 | 71.12 | 69.77 | 140.89 | NOTE | |
r-release-linux-x86_64 | 0.0.3 | 70.37 | 68.95 | 139.32 | NOTE | |
r-release-macos-arm64 | 0.0.3 | 57.00 | NOTE | |||
r-release-macos-x86_64 | 0.0.3 | 84.00 | NOTE | |||
r-release-windows-x86_64 | 0.0.3 | 78.00 | 120.00 | 198.00 | NOTE | |
r-oldrel-macos-arm64 | 0.0.3 | 47.00 | OK | |||
r-oldrel-macos-x86_64 | 0.0.3 | 67.00 | OK | |||
r-oldrel-windows-x86_64 | 0.0.3 | 76.00 | 109.00 | 185.00 | OK |
Version: 0.0.3
Check: C++ specification
Result: NOTE
Specified C++11: please drop specification unless essential
Flavors: r-devel-linux-x86_64-debian-clang, r-devel-linux-x86_64-debian-gcc, r-devel-linux-x86_64-fedora-clang, r-devel-linux-x86_64-fedora-gcc, r-devel-windows-x86_64, r-patched-linux-x86_64, r-release-linux-x86_64, r-release-macos-arm64, r-release-macos-x86_64, r-release-windows-x86_64