CRAN Package Check Results for Package cpss

Last updated on 2022-05-22 21:53:47 CEST.

Flavor Version Tinstall Tcheck Ttotal Status Flags
r-devel-linux-x86_64-debian-clang 0.0.2 78.66 90.06 168.72 NOTE
r-devel-linux-x86_64-debian-gcc 0.0.2 66.32 67.66 133.98 NOTE
r-devel-linux-x86_64-fedora-clang 0.0.2 229.15 NOTE
r-devel-linux-x86_64-fedora-gcc 0.0.2 213.15 NOTE
r-devel-windows-x86_64 0.0.2 79.00 130.00 209.00 NOTE
r-patched-linux-x86_64 0.0.2 74.36 86.47 160.83 NOTE
r-release-linux-x86_64 0.0.2 66.68 85.03 151.71 NOTE
r-release-macos-arm64 0.0.2 54.00 NOTE
r-release-macos-x86_64 0.0.2 104.00 NOTE
r-release-windows-x86_64 0.0.2 82.00 129.00 211.00 NOTE
r-oldrel-macos-arm64 0.0.2 60.00 NOTE
r-oldrel-macos-x86_64 0.0.2 74.00 NOTE
r-oldrel-windows-ix86+x86_64 0.0.2 186.00 148.00 334.00 NOTE

Check Details

Version: 0.0.2
Check: LazyData
Result: NOTE
     'LazyData' is specified without a 'data' directory
Flavors: r-devel-linux-x86_64-debian-clang, r-devel-linux-x86_64-debian-gcc, r-devel-linux-x86_64-fedora-clang, r-devel-linux-x86_64-fedora-gcc, r-devel-windows-x86_64, r-patched-linux-x86_64, r-release-linux-x86_64, r-release-macos-arm64, r-release-macos-x86_64, r-release-windows-x86_64, r-oldrel-macos-arm64, r-oldrel-macos-x86_64, r-oldrel-windows-ix86+x86_64

Version: 0.0.2
Check: installed package size
Result: NOTE
     installed size is 5.1Mb
     sub-directories of 1Mb or more:
     libs 4.9Mb
Flavor: r-oldrel-macos-arm64