CRAN Package Check Results for Package cqrReg

Last updated on 2024-03-02 19:50:14 CET.

Flavor Version Tinstall Tcheck Ttotal Status Flags
r-devel-linux-x86_64-debian-clang 1.2.1 190.72 82.06 272.78 OK
r-devel-linux-x86_64-debian-gcc 1.2.1 142.51 63.09 205.60 OK
r-devel-linux-x86_64-fedora-clang 1.2.1 377.40 NOTE
r-devel-linux-x86_64-fedora-gcc 1.2.1 378.68 NOTE
r-devel-windows-x86_64 1.2.1 134.00 111.00 245.00 OK
r-patched-linux-x86_64 1.2.1 180.01 81.21 261.22 OK
r-release-linux-x86_64 1.2.1 185.41 81.51 266.92 OK
r-release-macos-arm64 1.2.1 90.00 NOTE
r-release-macos-x86_64 1.2.1 155.00 NOTE
r-release-windows-x86_64 1.2.1 167.00 129.00 296.00 OK
r-oldrel-macos-arm64 1.2.1 80.00 NOTE
r-oldrel-windows-x86_64 1.2.1 162.00 114.00 276.00 OK

Check Details

Version: 1.2.1
Check: compiled code
Result: NOTE File ‘cqrReg/libs/cqrReg.so’: Found no calls to: ‘R_registerRoutines’, ‘R_useDynamicSymbols’ It is good practice to register native routines and to disable symbol search. See ‘Writing portable packages’ in the ‘Writing R Extensions’ manual. Flavors: r-devel-linux-x86_64-fedora-clang, r-devel-linux-x86_64-fedora-gcc

Version: 1.2.1
Check: installed package size
Result: NOTE installed size is 7.3Mb sub-directories of 1Mb or more: libs 7.2Mb Flavors: r-release-macos-arm64, r-release-macos-x86_64, r-oldrel-macos-arm64