CRAN Package Check Results for Package crayon

Last updated on 2021-05-16 21:47:35 CEST.

Flavor Version Tinstall Tcheck Ttotal Status Flags
r-devel-linux-x86_64-debian-clang 1.4.1 2.23 36.84 39.07 NOTE
r-devel-linux-x86_64-debian-gcc 1.4.1 1.77 28.47 30.24 NOTE
r-devel-linux-x86_64-fedora-clang 1.4.1 57.75 NOTE
r-devel-linux-x86_64-fedora-gcc 1.4.1 46.43 NOTE
r-devel-windows-ix86+x86_64 1.4.1 8.00 47.00 55.00 NOTE
r-devel-windows-x86_64-gcc10-UCRT 1.4.1 NOTE
r-patched-linux-x86_64 1.4.1 2.48 35.60 38.08 NOTE
r-patched-solaris-x86 1.4.1 67.40 NOTE
r-release-linux-x86_64 1.4.1 2.04 35.18 37.22 OK
r-release-macos-x86_64 1.4.1 OK
r-release-windows-ix86+x86_64 1.4.1 8.00 44.00 52.00 OK
r-oldrel-macos-x86_64 1.4.1 OK
r-oldrel-windows-ix86+x86_64 1.4.1 9.00 49.00 58.00 OK

Check Details

Version: 1.4.1
Check: LazyData
Result: NOTE
     'LazyData' is specified without a 'data' directory
Flavors: r-devel-linux-x86_64-debian-clang, r-devel-linux-x86_64-debian-gcc, r-devel-linux-x86_64-fedora-clang, r-devel-linux-x86_64-fedora-gcc, r-devel-windows-ix86+x86_64, r-devel-windows-x86_64-gcc10-UCRT, r-patched-linux-x86_64, r-patched-solaris-x86