CRAN Package Check Results for Package credule

Last updated on 2021-11-28 19:48:48 CET.

Flavor Version Tinstall Tcheck Ttotal Status Flags
r-devel-linux-x86_64-debian-clang 0.1.4 OK
r-devel-linux-x86_64-debian-gcc 0.1.4 2.00 18.48 20.48 OK
r-devel-linux-x86_64-fedora-clang 0.1.4 43.07 NOTE
r-devel-linux-x86_64-fedora-gcc 0.1.4 31.77 NOTE
r-devel-windows-x86_64-new-UL 0.1.4 11.00 63.00 74.00 OK
r-devel-windows-x86_64-new-TK 0.1.4 OK
r-devel-windows-x86_64-old 0.1.4 5.00 42.00 47.00 OK
r-patched-linux-x86_64 0.1.4 2.58 19.78 22.36 OK
r-patched-solaris-x86 0.1.4 47.60 OK
r-release-linux-x86_64 0.1.4 2.28 19.78 22.06 OK
r-release-macos-arm64 0.1.4 OK
r-release-macos-x86_64 0.1.4 OK
r-release-windows-ix86+x86_64 0.1.4 9.00 36.00 45.00 OK
r-oldrel-macos-x86_64 0.1.4 OK
r-oldrel-windows-ix86+x86_64 0.1.4 7.00 43.00 50.00 OK

Check Details

Version: 0.1.4
Check: compiled code
Result: NOTE
    File ‘credule/libs/credule.so’:
     Found no calls to: ‘R_registerRoutines’, ‘R_useDynamicSymbols’
    
    It is good practice to register native routines and to disable symbol
    search.
    
    See ‘Writing portable packages’ in the ‘Writing R Extensions’ manual.
Flavors: r-devel-linux-x86_64-fedora-clang, r-devel-linux-x86_64-fedora-gcc