CRAN Package Check Results for Package crispRdesignR

Last updated on 2022-01-16 19:49:22 CET.

Flavor Version Tinstall Tcheck Ttotal Status Flags
r-devel-linux-x86_64-debian-clang 1.1.6 6.62 64.82 71.44 NOTE
r-devel-linux-x86_64-debian-gcc 1.1.6 5.40 50.21 55.61 NOTE
r-devel-linux-x86_64-fedora-clang 1.1.6 89.20 NOTE
r-devel-linux-x86_64-fedora-gcc 1.1.6 77.14 NOTE
r-devel-windows-x86_64-new-UL 1.1.6 40.00 84.00 124.00 NOTE
r-devel-windows-x86_64-new-TK 1.1.6 NOTE
r-patched-linux-x86_64 1.1.6 6.89 62.48 69.37 NOTE
r-release-linux-x86_64 1.1.6 NOTE
r-release-macos-arm64 1.1.6 NOTE
r-release-macos-x86_64 1.1.6 NOTE
r-release-windows-ix86+x86_64 1.1.6 13.00 76.00 89.00 NOTE
r-oldrel-macos-x86_64 1.1.6 NOTE
r-oldrel-windows-ix86+x86_64 1.1.6 13.00 74.00 87.00 OK

Check Details

Version: 1.1.6
Check: LazyData
Result: NOTE
     'LazyData' is specified without a 'data' directory
Flavors: r-devel-linux-x86_64-debian-clang, r-devel-linux-x86_64-debian-gcc, r-devel-linux-x86_64-fedora-clang, r-devel-linux-x86_64-fedora-gcc, r-devel-windows-x86_64-new-UL, r-devel-windows-x86_64-new-TK, r-patched-linux-x86_64, r-release-linux-x86_64, r-release-macos-arm64, r-release-macos-x86_64, r-release-windows-ix86+x86_64

Version: 1.1.6
Check: dependencies in R code
Result: NOTE
    Namespaces in Imports field not imported from:
     ‘DT’ ‘gbm’
     All declared Imports should be used.
Flavors: r-devel-linux-x86_64-fedora-clang, r-devel-linux-x86_64-fedora-gcc, r-devel-windows-x86_64-new-TK, r-release-macos-arm64, r-release-macos-x86_64, r-oldrel-macos-x86_64

Version: 1.1.6
Check: package dependencies
Result: NOTE
    Package suggested but not available for checking: ‘BSgenome.Scerevisiae.UCSC.sacCer2’
Flavors: r-release-macos-arm64, r-release-macos-x86_64, r-oldrel-macos-x86_64