CRAN Package Check Results for Package cromwellDashboard

Last updated on 2022-01-23 19:48:25 CET.

Flavor Version Tinstall Tcheck Ttotal Status Flags
r-devel-linux-x86_64-debian-clang 0.5.1 3.38 39.94 43.32 NOTE
r-devel-linux-x86_64-debian-gcc 0.5.1 3.03 34.83 37.86 NOTE
r-devel-linux-x86_64-fedora-clang 0.5.1 54.38 NOTE
r-devel-linux-x86_64-fedora-gcc 0.5.1 42.41 NOTE
r-devel-windows-x86_64-new-UL 0.5.1 40.00 61.00 101.00 NOTE
r-devel-windows-x86_64-new-TK 0.5.1 NOTE
r-patched-linux-x86_64 0.5.1 3.30 39.36 42.66 NOTE
r-release-linux-x86_64 0.5.1 3.25 39.14 42.39 NOTE
r-release-macos-arm64 0.5.1 NOTE
r-release-macos-x86_64 0.5.1 NOTE
r-release-windows-ix86+x86_64 0.5.1 10.00 51.00 61.00 NOTE
r-oldrel-macos-x86_64 0.5.1 OK
r-oldrel-windows-ix86+x86_64 0.5.1 9.00 53.00 62.00 OK

Check Details

Version: 0.5.1
Check: LazyData
Result: NOTE
     'LazyData' is specified without a 'data' directory
Flavors: r-devel-linux-x86_64-debian-clang, r-devel-linux-x86_64-debian-gcc, r-devel-linux-x86_64-fedora-clang, r-devel-linux-x86_64-fedora-gcc, r-devel-windows-x86_64-new-UL, r-devel-windows-x86_64-new-TK, r-patched-linux-x86_64, r-release-linux-x86_64, r-release-macos-arm64, r-release-macos-x86_64, r-release-windows-ix86+x86_64