CRAN Package Check Results for Package csurvey

Last updated on 2025-01-17 21:49:28 CET.

Flavor Version Tinstall Tcheck Ttotal Status Flags
r-devel-linux-x86_64-debian-clang 1.9 15.83 97.29 113.12 NOTE
r-devel-linux-x86_64-debian-gcc 1.9 8.59 69.93 78.52 NOTE
r-devel-linux-x86_64-fedora-clang 1.9 180.22 NOTE
r-devel-linux-x86_64-fedora-gcc 1.9 166.72 NOTE
r-devel-windows-x86_64 1.9 15.00 100.00 115.00 NOTE
r-patched-linux-x86_64 1.9 17.15 91.09 108.24 NOTE
r-release-linux-x86_64 1.9 12.31 90.22 102.53 NOTE
r-release-macos-arm64 1.9 52.00 NOTE
r-release-macos-x86_64 1.9 69.00 NOTE
r-release-windows-x86_64 1.9 13.00 99.00 112.00 NOTE
r-oldrel-macos-arm64 1.9 50.00 OK
r-oldrel-macos-x86_64 1.9 132.00 OK
r-oldrel-windows-x86_64 1.9 12.00 108.00 120.00 OK

Check Details

Version: 1.9
Check: Rd files
Result: NOTE checkRd: (-1) csvy.Rd:58: Lost braces in \itemize; meant \describe ? checkRd: (-1) csvy.Rd:59: Lost braces in \itemize; meant \describe ? checkRd: (-1) csvy.Rd:60: Lost braces in \itemize; meant \describe ? Flavors: r-devel-linux-x86_64-debian-clang, r-devel-linux-x86_64-debian-gcc, r-devel-linux-x86_64-fedora-clang, r-devel-linux-x86_64-fedora-gcc, r-devel-windows-x86_64, r-patched-linux-x86_64, r-release-linux-x86_64, r-release-macos-arm64, r-release-macos-x86_64, r-release-windows-x86_64

Version: 1.9
Check: Rd cross-references
Result: NOTE Found the following Rd file(s) with Rd \link{} targets missing package anchors: csvy.Rd: calibrate, plotpersp, incr, decr Please provide package anchors for all Rd \link{} targets not in the package itself and the base packages. Flavors: r-devel-linux-x86_64-debian-clang, r-devel-linux-x86_64-debian-gcc, r-devel-windows-x86_64