CRAN Package Check Results for Package csurvey

Last updated on 2021-12-08 19:51:28 CET.

Flavor Version Tinstall Tcheck Ttotal Status Flags
r-devel-linux-x86_64-debian-clang 1.2 13.38 97.09 110.47 OK
r-devel-linux-x86_64-debian-gcc 1.2 7.57 74.04 81.61 OK
r-devel-linux-x86_64-fedora-clang 1.2 132.26 NOTE
r-devel-linux-x86_64-fedora-gcc 1.2 120.47 OK
r-devel-windows-x86_64-new-UL 1.2 21.00 122.00 143.00 OK
r-devel-windows-x86_64-new-TK 1.2 OK
r-devel-windows-x86_64-old 1.2 17.00 111.00 128.00 OK
r-patched-linux-x86_64 1.2 11.10 93.63 104.73 OK
r-release-linux-x86_64 1.2 12.20 93.41 105.61 OK
r-release-macos-arm64 1.2 OK
r-release-macos-x86_64 1.2 OK
r-release-windows-ix86+x86_64 1.2 14.00 106.00 120.00 OK
r-oldrel-macos-x86_64 1.2 OK
r-oldrel-windows-ix86+x86_64 1.2 24.00 107.00 131.00 OK

Check Details

Version: 1.2
Check: Rd cross-references
Result: NOTE
    Undeclared package ‘cgam’ in Rd xrefs
Flavor: r-devel-linux-x86_64-fedora-clang