CRAN Package Check Results for Package cubfits

Last updated on 2024-02-21 19:53:11 CET.

Flavor Version Tinstall Tcheck Ttotal Status Flags
r-devel-linux-x86_64-debian-clang 0.1-4 OK
r-devel-linux-x86_64-debian-gcc 0.1-4 9.40 62.97 72.37 OK
r-devel-linux-x86_64-fedora-clang 0.1-4 119.94 OK
r-devel-linux-x86_64-fedora-gcc 0.1-4 127.67 OK
r-devel-windows-x86_64 0.1-4 23.00 106.00 129.00 OK
r-patched-linux-x86_64 0.1-4 11.98 81.40 93.38 OK
r-release-linux-x86_64 0.1-4 12.05 82.60 94.65 OK
r-release-macos-arm64 0.1-4 50.00 NOTE
r-release-macos-x86_64 0.1-4 74.00 NOTE
r-release-windows-x86_64 0.1-4 27.00 112.00 139.00 OK
r-oldrel-macos-arm64 0.1-4 41.00 NOTE
r-oldrel-windows-x86_64 0.1-4 18.00 111.00 129.00 OK

Check Details

Version: 0.1-4
Check: package dependencies
Result: NOTE Package which this enhances but not available for checking: ‘pbdMPI’ Flavors: r-release-macos-arm64, r-release-macos-x86_64, r-oldrel-macos-arm64