Last updated on 2023-09-26 23:04:10 CEST.
Flavor | Version | Tinstall | Tcheck | Ttotal | Status | Flags |
---|---|---|---|---|---|---|
r-devel-linux-x86_64-debian-clang | 5.0.2 | 9.47 | 49.16 | 58.63 | NOTE | |
r-devel-linux-x86_64-debian-gcc | 5.0.2 | 7.11 | 38.49 | 45.60 | NOTE | |
r-devel-linux-x86_64-fedora-clang | 5.0.2 | 70.09 | NOTE | |||
r-devel-linux-x86_64-fedora-gcc | 5.0.2 | 85.55 | NOTE | |||
r-devel-windows-x86_64 | 5.0.2 | 59.00 | 163.00 | 222.00 | NOTE | |
r-patched-linux-x86_64 | 5.0.2 | 9.84 | 48.17 | 58.01 | NOTE | |
r-release-linux-x86_64 | 5.0.2 | 8.95 | 48.09 | 57.04 | NOTE | |
r-release-macos-arm64 | 5.0.2 | 169.00 | NOTE | |||
r-release-macos-x86_64 | 5.0.2 | 231.00 | NOTE | |||
r-release-windows-x86_64 | 5.0.2 | 65.00 | 179.00 | 244.00 | NOTE | |
r-oldrel-macos-arm64 | 5.0.2 | 165.00 | NOTE | |||
r-oldrel-macos-x86_64 | 5.0.2 | 201.00 | NOTE | |||
r-oldrel-windows-x86_64 | 5.0.2 | 57.00 | 157.00 | 214.00 | NOTE |
Version: 5.0.2
Check: compiled code
Result: NOTE
File ‘curl/libs/curl.so’:
Found non-API call to R: ‘R_new_custom_connection’
Compiled code should not call non-API entry points in R.
See ‘Writing portable packages’ in the ‘Writing R Extensions’ manual.
Flavors: r-devel-linux-x86_64-debian-clang, r-devel-linux-x86_64-debian-gcc, r-devel-linux-x86_64-fedora-clang, r-devel-linux-x86_64-fedora-gcc, r-patched-linux-x86_64, r-release-linux-x86_64, r-release-macos-arm64, r-release-macos-x86_64, r-oldrel-macos-arm64, r-oldrel-macos-x86_64
Version: 5.0.2
Check: installed package size
Result: NOTE
installed size is 5.9Mb
sub-directories of 1Mb or more:
doc 1.8Mb
libs 3.9Mb
Flavors: r-devel-windows-x86_64, r-release-windows-x86_64, r-oldrel-windows-x86_64
Version: 5.0.2
Check: compiled code
Result: NOTE
File 'curl/libs/x64/curl.dll':
Found non-API call to R: 'R_new_custom_connection'
Compiled code should not call non-API entry points in R.
See 'Writing portable packages' in the 'Writing R Extensions' manual.
Flavors: r-devel-windows-x86_64, r-release-windows-x86_64, r-oldrel-windows-x86_64