CRAN Package Check Results for Package curl

Last updated on 2022-12-06 19:55:43 CET.

Flavor Version Tinstall Tcheck Ttotal Status Flags
r-devel-linux-x86_64-debian-clang 4.3.3 8.07 43.31 51.38 NOTE
r-devel-linux-x86_64-debian-gcc 4.3.3 5.81 35.41 41.22 NOTE
r-devel-linux-x86_64-fedora-clang 4.3.3 74.73 NOTE
r-devel-linux-x86_64-fedora-gcc 4.3.3 87.29 NOTE
r-devel-windows-x86_64 4.3.3 143.00 171.00 314.00 NOTE
r-patched-linux-x86_64 4.3.3 8.16 43.01 51.17 NOTE
r-release-linux-x86_64 4.3.3 7.07 41.28 48.35 NOTE
r-release-macos-arm64 4.3.3 130.00 NOTE
r-release-macos-x86_64 4.3.3 154.00 NOTE
r-release-windows-x86_64 4.3.3 109.00 171.00 280.00 NOTE
r-oldrel-macos-arm64 4.3.3 139.00 NOTE
r-oldrel-macos-x86_64 4.3.3 161.00 NOTE
r-oldrel-windows-ix86+x86_64 4.3.3 86.00 268.00 354.00 NOTE

Check Details

Version: 4.3.3
Check: compiled code
Result: NOTE
    File 'curl/libs/curl.so':
     Found non-API call to R: 'R_new_custom_connection'
    
    Compiled code should not call non-API entry points in R.
    
    See 'Writing portable packages' in the 'Writing R Extensions' manual.
Flavors: r-devel-linux-x86_64-debian-clang, r-devel-linux-x86_64-debian-gcc, r-devel-linux-x86_64-fedora-clang, r-devel-linux-x86_64-fedora-gcc, r-patched-linux-x86_64, r-release-linux-x86_64, r-release-macos-arm64, r-release-macos-x86_64, r-oldrel-macos-arm64, r-oldrel-macos-x86_64

Version: 4.3.3
Check: installed package size
Result: NOTE
     installed size is 5.6Mb
     sub-directories of 1Mb or more:
     doc 1.7Mb
     libs 3.7Mb
Flavors: r-devel-windows-x86_64, r-release-windows-x86_64, r-oldrel-windows-ix86+x86_64

Version: 4.3.3
Check: compiled code
Result: NOTE
    File 'curl/libs/x64/curl.dll':
     Found non-API call to R: 'R_new_custom_connection'
    
    Compiled code should not call non-API entry points in R.
    
    See 'Writing portable packages' in the 'Writing R Extensions' manual.
Flavors: r-devel-windows-x86_64, r-release-windows-x86_64

Version: 4.3.3
Check: compiled code
Result: NOTE
    File 'curl/libs/i386/curl.dll':
     Found non-API call to R: 'R_new_custom_connection'
    File 'curl/libs/x64/curl.dll':
     Found non-API call to R: 'R_new_custom_connection'
    
    Compiled code should not call non-API entry points in R.
    
    See 'Writing portable packages' in the 'Writing R Extensions' manual.
Flavor: r-oldrel-windows-ix86+x86_64