CRAN Package Check Results for Package cvTools

Last updated on 2022-01-19 20:00:26 CET.

Flavor Version Tinstall Tcheck Ttotal Status Flags
r-devel-linux-x86_64-debian-clang 0.3.2 NOTE
r-devel-linux-x86_64-debian-gcc 0.3.2 3.92 98.70 102.62 NOTE
r-devel-linux-x86_64-fedora-clang 0.3.2 155.61 NOTE
r-devel-linux-x86_64-fedora-gcc 0.3.2 146.09 NOTE
r-devel-windows-x86_64-new-UL 0.3.2 54.00 140.00 194.00 NOTE
r-devel-windows-x86_64-new-TK 0.3.2 NOTE
r-patched-linux-x86_64 0.3.2 4.62 121.62 126.24 NOTE
r-release-linux-x86_64 0.3.2 NOTE
r-release-macos-arm64 0.3.2 NOTE
r-release-macos-x86_64 0.3.2 NOTE
r-release-windows-ix86+x86_64 0.3.2 9.00 139.00 148.00 NOTE
r-oldrel-macos-x86_64 0.3.2 NOTE
r-oldrel-windows-ix86+x86_64 0.3.2 9.00 138.00 147.00 NOTE

Check Details

Version: 0.3.2
Check: DESCRIPTION meta-information
Result: NOTE
    Packages listed in more than one of Depends, Imports, Suggests, Enhances:
     'lattice' 'robustbase'
    A package should be listed in only one of these fields.
Flavors: r-devel-linux-x86_64-debian-clang, r-devel-linux-x86_64-debian-gcc, r-devel-linux-x86_64-fedora-clang, r-devel-linux-x86_64-fedora-gcc, r-devel-windows-x86_64-new-UL, r-devel-windows-x86_64-new-TK, r-patched-linux-x86_64, r-release-linux-x86_64, r-release-macos-arm64, r-release-macos-x86_64, r-release-windows-ix86+x86_64, r-oldrel-macos-x86_64, r-oldrel-windows-ix86+x86_64