Last updated on 2022-06-27 21:51:17 CEST.
Flavor | Version | Tinstall | Tcheck | Ttotal | Status | Flags |
---|---|---|---|---|---|---|
r-devel-linux-x86_64-debian-clang | 1.0 | 3.33 | 29.56 | 32.89 | NOTE | |
r-devel-linux-x86_64-debian-gcc | 1.0.1 | 3.06 | 22.11 | 25.17 | OK | |
r-devel-linux-x86_64-fedora-clang | 1.0.1 | 49.26 | OK | |||
r-devel-linux-x86_64-fedora-gcc | 1.0.1 | 48.21 | OK | |||
r-devel-windows-x86_64 | 1.0 | 33.00 | 59.00 | 92.00 | NOTE | |
r-patched-linux-x86_64 | 1.0.1 | 3.72 | 26.77 | 30.49 | OK | |
r-release-linux-x86_64 | 1.0.1 | 2.98 | 27.34 | 30.32 | OK | |
r-release-macos-arm64 | 1.0.1 | 17.00 | OK | |||
r-release-macos-x86_64 | 1.0.1 | 23.00 | OK | |||
r-release-windows-x86_64 | 1.0 | 27.00 | 60.00 | 87.00 | NOTE | |
r-oldrel-macos-arm64 | 1.0.1 | 24.00 | OK | |||
r-oldrel-macos-x86_64 | 1.0.1 | 25.00 | OK | |||
r-oldrel-windows-ix86+x86_64 | 1.0.1 | 10.00 | 53.00 | 63.00 | OK |
Version: 1.0
Check: DESCRIPTION meta-information
Result: NOTE
Malformed Description field: should contain one or more complete sentences.
Flavors: r-devel-linux-x86_64-debian-clang, r-devel-windows-x86_64, r-release-windows-x86_64
Version: 1.0
Check: R code for possible problems
Result: NOTE
cxxfun.from.dll: no visible global function definition for 'new'
cxxfun.from.dso.bin: no visible global function definition for 'new'
cxxfunctionplus: no visible global function definition for 'getPlugin'
cxxfunctionplus: no visible global function definition for
'cxxfunction'
cxxfunctionplus: no visible global function definition for 'new'
show,cxxdso: no visible global function definition for 'object.size'
Undefined global functions or variables:
cxxfunction getPlugin new object.size
Consider adding
importFrom("methods", "new")
importFrom("utils", "object.size")
to your NAMESPACE file (and ensure that your DESCRIPTION Imports field
contains 'methods').
Flavors: r-devel-linux-x86_64-debian-clang, r-devel-windows-x86_64, r-release-windows-x86_64